Last updated on 2025-04-15 09:52:20 CEST.
Flavor | Version | Tinstall | Tcheck | Ttotal | Status | Flags |
---|---|---|---|---|---|---|
r-devel-linux-x86_64-debian-clang | 1.5-3 | 79.99 | 30.57 | 110.56 | NOTE | |
r-devel-linux-x86_64-debian-gcc | 1.5-3 | 56.97 | 23.86 | 80.83 | NOTE | |
r-devel-linux-x86_64-fedora-clang | 1.5-3 | 212.18 | OK | |||
r-devel-linux-x86_64-fedora-gcc | 1.5-3 | 202.28 | OK | |||
r-devel-windows-x86_64 | 1.5-3 | 89.00 | 71.00 | 160.00 | NOTE | |
r-patched-linux-x86_64 | 1.5-3 | 78.48 | 29.02 | 107.50 | NOTE | |
r-release-linux-x86_64 | 1.5-3 | 80.03 | 29.35 | 109.38 | NOTE | |
r-release-macos-arm64 | 1.5-3 | 47.00 | OK | |||
r-release-macos-x86_64 | 1.5-3 | 52.00 | OK | |||
r-release-windows-x86_64 | 1.5-3 | 91.00 | 70.00 | 161.00 | NOTE | |
r-oldrel-macos-arm64 | 1.5-3 | 43.00 | OK | |||
r-oldrel-macos-x86_64 | 1.5-3 | 49.00 | OK | |||
r-oldrel-windows-x86_64 | 1.5-3 | 106.00 | 85.00 | 191.00 | OK |
Version: 1.5-3
Check: Rd cross-references
Result: NOTE
Found the following Rd file(s) with Rd \link{} targets missing package
anchors:
USData.Rd: xts
USRecessions.Rd: zoo
Please provide package anchors for all Rd \link{} targets not in the
package itself and the base packages.
Flavors: r-devel-linux-x86_64-debian-clang, r-devel-linux-x86_64-debian-gcc, r-devel-windows-x86_64, r-patched-linux-x86_64, r-release-linux-x86_64, r-release-windows-x86_64