Last updated on 2025-02-16 09:50:37 CET.
Flavor | Version | Tinstall | Tcheck | Ttotal | Status | Flags |
---|---|---|---|---|---|---|
r-devel-linux-x86_64-debian-clang | 0.1.16-105 | 33.68 | 178.47 | 212.15 | NOTE | |
r-devel-linux-x86_64-debian-gcc | 0.1.16-105 | 22.19 | 131.06 | 153.25 | NOTE | |
r-devel-linux-x86_64-fedora-clang | 0.1.16-105 | 350.21 | OK | |||
r-devel-linux-x86_64-fedora-gcc | 0.1.16-105 | 338.32 | OK | |||
r-devel-macos-arm64 | 0.1.16-105 | 119.00 | OK | |||
r-devel-macos-x86_64 | 0.1.16-105 | 198.00 | OK | |||
r-devel-windows-x86_64 | 0.1.16-105 | 60.00 | 227.00 | 287.00 | NOTE | |
r-patched-linux-x86_64 | 0.1.16-105 | 40.93 | 188.55 | 229.48 | OK | |
r-release-linux-x86_64 | 0.1.16-105 | 29.65 | 188.86 | 218.51 | OK | |
r-release-macos-arm64 | 0.1.16-105 | 129.00 | NOTE | |||
r-release-macos-x86_64 | 0.1.16-105 | 180.00 | NOTE | |||
r-release-windows-x86_64 | 0.1.16-105 | 59.00 | 235.00 | 294.00 | NOTE | |
r-oldrel-macos-arm64 | 0.1.16-105 | 98.00 | NOTE | |||
r-oldrel-macos-x86_64 | 0.1.16-105 | 184.00 | NOTE | |||
r-oldrel-windows-x86_64 | 0.1.16-105 | 69.00 | 245.00 | 314.00 | NOTE |
Version: 0.1.16-105
Check: Rd cross-references
Result: NOTE
Found the following Rd file(s) with Rd \link{} targets missing package
anchors:
dynr.cook.Rd: autoplot
Please provide package anchors for all Rd \link{} targets not in the
package itself and the base packages.
Flavors: r-devel-linux-x86_64-debian-clang, r-devel-linux-x86_64-debian-gcc, r-devel-windows-x86_64
Version: 0.1.16-105
Check: installed package size
Result: NOTE
installed size is 7.9Mb
sub-directories of 1Mb or more:
data 2.5Mb
doc 1.4Mb
libs 2.9Mb
Flavors: r-release-macos-arm64, r-release-macos-x86_64, r-release-windows-x86_64, r-oldrel-macos-arm64, r-oldrel-macos-x86_64, r-oldrel-windows-x86_64