Last updated on 2025-02-16 09:50:37 CET.
Flavor | Version | Tinstall | Tcheck | Ttotal | Status | Flags |
---|---|---|---|---|---|---|
r-devel-linux-x86_64-debian-clang | 1.1.0 | 7.64 | 57.25 | 64.89 | NOTE | |
r-devel-linux-x86_64-debian-gcc | 1.1.0 | 4.11 | 41.92 | 46.03 | NOTE | |
r-devel-linux-x86_64-fedora-clang | 1.1.0 | 110.37 | OK | |||
r-devel-linux-x86_64-fedora-gcc | 1.1.0 | 110.05 | OK | |||
r-devel-macos-arm64 | 1.1.0 | 38.00 | OK | |||
r-devel-macos-x86_64 | 1.1.0 | 74.00 | OK | |||
r-devel-windows-x86_64 | 1.1.0 | 10.00 | 69.00 | 79.00 | NOTE | |
r-patched-linux-x86_64 | 1.1.0 | 12.88 | 51.74 | 64.62 | OK | |
r-release-linux-x86_64 | 1.1.0 | 6.02 | 52.69 | 58.71 | OK | |
r-release-macos-arm64 | 1.1.0 | 38.00 | OK | |||
r-release-macos-x86_64 | 1.1.0 | 54.00 | OK | |||
r-release-windows-x86_64 | 1.1.0 | 9.00 | 73.00 | 82.00 | OK | |
r-oldrel-macos-arm64 | 1.1.0 | 40.00 | OK | |||
r-oldrel-macos-x86_64 | 1.1.0 | 52.00 | OK | |||
r-oldrel-windows-x86_64 | 1.1.0 | 11.00 | 97.00 | 108.00 | OK |
Version: 1.1.0
Check: Rd cross-references
Result: NOTE
Found the following Rd file(s) with Rd \link{} targets missing package
anchors:
cfaHB.Rd: lavaan, cfa, model.syntax
cfaOne.Rd: lavaan, cfa, model.syntax
equivTest.Rd: lavaan
exactFit.Rd: lavaan, cfa, model.syntax
Please provide package anchors for all Rd \link{} targets not in the
package itself and the base packages.
Flavors: r-devel-linux-x86_64-debian-clang, r-devel-linux-x86_64-debian-gcc, r-devel-windows-x86_64