Last updated on 2025-02-19 09:50:47 CET.
Flavor | Version | Tinstall | Tcheck | Ttotal | Status | Flags |
---|---|---|---|---|---|---|
r-devel-linux-x86_64-debian-clang | 1.0.17 | 1.72 | 105.91 | 107.63 | NOTE | |
r-devel-linux-x86_64-debian-gcc | 1.0.17 | 1.67 | 94.83 | 96.50 | NOTE | |
r-devel-linux-x86_64-fedora-clang | 1.0.17 | 164.26 | OK | |||
r-devel-linux-x86_64-fedora-gcc | 1.0.17 | 168.91 | OK | |||
r-devel-macos-arm64 | 1.0.17 | 60.00 | OK | |||
r-devel-macos-x86_64 | 1.0.17 | 114.00 | OK | |||
r-devel-windows-x86_64 | 1.0.17 | 4.00 | 112.00 | 116.00 | OK | |
r-patched-linux-x86_64 | 1.0.17 | 2.19 | 99.40 | 101.59 | NOTE | |
r-release-linux-x86_64 | 1.0.17 | 1.67 | 97.78 | 99.45 | NOTE | |
r-release-macos-arm64 | 1.0.17 | 58.00 | OK | |||
r-release-macos-x86_64 | 1.0.17 | 88.00 | OK | |||
r-release-windows-x86_64 | 1.0.17 | 3.00 | 125.00 | 128.00 | WARN | |
r-oldrel-macos-arm64 | 1.0.17 | 96.00 | OK | |||
r-oldrel-macos-x86_64 | 1.0.17 | 143.00 | OK | |||
r-oldrel-windows-x86_64 | 1.0.17 | 4.00 | 150.00 | 154.00 | OK |
Version: 1.0.17
Check: R code for possible problems
Result: NOTE
Found the following calls to attach():
File ‘doParallel/R/doParallel.R’:
attach(exportEnv)
See section ‘Good practice’ in ‘?attach’.
Flavors: r-devel-linux-x86_64-debian-clang, r-devel-linux-x86_64-debian-gcc, r-patched-linux-x86_64, r-release-linux-x86_64
Version: 1.0.17
Check: index information
Result: WARN
Warning in read.table(file = file, header = header, sep = sep, quote = quote, :
cols = 6 != length(data) = 7
See sections 'The INDEX file' and 'Package subdirectories' in the
'Writing R Extensions' manual.
Flavor: r-release-windows-x86_64
Version: 1.0.17
Check: S3 generic/method consistency
Result: WARN
During startup - Warning message:
In read.table(file = file, header = header, sep = sep, quote = quote, :
cols = 6 != length(data) = 7
See section 'Generic functions and methods' in the 'Writing R
Extensions' manual.
Flavor: r-release-windows-x86_64
Version: 1.0.17
Check: replacement functions
Result: WARN
During startup - Warning message:
In read.table(file = file, header = header, sep = sep, quote = quote, :
cols = 6 != length(data) = 7
The argument of a replacement function which corresponds to the right
hand side must be named 'value'.
Flavor: r-release-windows-x86_64
Version: 1.0.17
Check: foreign function calls
Result: NOTE
During startup - Warning message:
In read.table(file = file, header = header, sep = sep, quote = quote, :
cols = 6 != length(data) = 7
See chapter 'System and foreign language interfaces' in the 'Writing R
Extensions' manual.
Flavor: r-release-windows-x86_64
Version: 1.0.17
Check: R code for possible problems
Result: NOTE
During startup - Warning message:
In read.table(file = file, header = header, sep = sep, quote = quote, :
cols = 6 != length(data) = 7
During startup - Warning message:
In read.table(file = file, header = header, sep = sep, quote = quote, :
cols = 6 != length(data) = 7
Warning in read.table(file = file, header = header, sep = sep, quote = quote, :
cols = 6 != length(data) = 7
Flavor: r-release-windows-x86_64
Version: 1.0.17
Check: Rd files
Result: WARN
During startup - Warning message:
In read.table(file = file, header = header, sep = sep, quote = quote, :
cols = 6 != length(data) = 7
Flavor: r-release-windows-x86_64
Version: 1.0.17
Check: Rd cross-references
Result: WARN
Warning in read.table(file = file, header = header, sep = sep, quote = quote, :
cols = 6 != length(data) = 7
Flavor: r-release-windows-x86_64
Version: 1.0.17
Check: for missing documentation entries
Result: WARN
During startup - Warning message:
In read.table(file = file, header = header, sep = sep, quote = quote, :
cols = 6 != length(data) = 7
All user-level objects in a package should have documentation entries.
See chapter 'Writing R documentation files' in the 'Writing R
Extensions' manual.
Flavor: r-release-windows-x86_64
Version: 1.0.17
Check: for code/documentation mismatches
Result: WARN
During startup - Warning message:
In read.table(file = file, header = header, sep = sep, quote = quote, :
cols = 6 != length(data) = 7
During startup - Warning message:
In read.table(file = file, header = header, sep = sep, quote = quote, :
cols = 6 != length(data) = 7
During startup - Warning message:
In read.table(file = file, header = header, sep = sep, quote = quote, :
cols = 6 != length(data) = 7
Flavor: r-release-windows-x86_64
Version: 1.0.17
Check: Rd \usage sections
Result: WARN
During startup - Warning message:
In read.table(file = file, header = header, sep = sep, quote = quote, :
cols = 6 != length(data) = 7
Functions with \usage entries need to have the appropriate \alias
entries, and all their arguments documented.
The \usage entries must correspond to syntactically valid R code.
See chapter 'Writing R documentation files' in the 'Writing R
Extensions' manual.
During startup - Warning message:
In read.table(file = file, header = header, sep = sep, quote = quote, :
cols = 6 != length(data) = 7
The \usage entries for S3 methods should use the \method markup and not
their full name.
See chapter 'Writing R documentation files' in the 'Writing R
Extensions' manual.
Flavor: r-release-windows-x86_64
Version: 1.0.17
Check: Rd contents
Result: NOTE
Warning in read.table(file = file, header = header, sep = sep, quote = quote, :
cols = 6 != length(data) = 7
Flavor: r-release-windows-x86_64
Version: 1.0.17
Check: for unstated dependencies in examples
Result: WARN
Warning in read.table(file = file, header = header, sep = sep, quote = quote, :
cols = 6 != length(data) = 7
Flavor: r-release-windows-x86_64
Version: 1.0.17
Check: for unstated dependencies in ‘tests’
Result: WARN
Warning in read.table(file = file, header = header, sep = sep, quote = quote, :
cols = 6 != length(data) = 7
Flavor: r-release-windows-x86_64
Version: 1.0.17
Check: for unstated dependencies in vignettes
Result: NOTE
Warning in read.table(file = file, header = header, sep = sep, quote = quote, :
cols = 6 != length(data) = 7
Warning in read.table(file = file, header = header, sep = sep, quote = quote, :
cols = 6 != length(data) = 7
Flavor: r-release-windows-x86_64