Last updated on 2025-04-14 09:49:52 CEST.
Flavor | Version | Tinstall | Tcheck | Ttotal | Status | Flags |
---|---|---|---|---|---|---|
r-devel-linux-x86_64-debian-clang | 1.0.17 | 1.81 | 104.67 | 106.48 | NOTE | |
r-devel-linux-x86_64-debian-gcc | 1.0.17 | 1.64 | 95.19 | 96.83 | NOTE | |
r-devel-linux-x86_64-fedora-gcc | 1.0.17 | 170.24 | OK | |||
r-devel-windows-x86_64 | 1.0.17 | 3.00 | 110.00 | 113.00 | OK | |
r-patched-linux-x86_64 | 1.0.17 | 2.04 | 99.24 | 101.28 | NOTE | |
r-release-linux-x86_64 | 1.0.17 | 1.99 | 100.86 | 102.85 | NOTE | |
r-release-macos-arm64 | 1.0.17 | 66.00 | OK | |||
r-release-macos-x86_64 | 1.0.17 | 114.00 | OK | |||
r-release-windows-x86_64 | 1.0.17 | 4.00 | 146.00 | 150.00 | OK | |
r-oldrel-macos-arm64 | 1.0.17 | 58.00 | OK | |||
r-oldrel-macos-x86_64 | 1.0.17 | 88.00 | OK | |||
r-oldrel-windows-x86_64 | 1.0.17 | 4.00 | 146.00 | 150.00 | OK |
Version: 1.0.17
Check: R code for possible problems
Result: NOTE
Found the following calls to attach():
File ‘doParallel/R/doParallel.R’:
attach(exportEnv)
See section ‘Good practice’ in ‘?attach’.
Flavors: r-devel-linux-x86_64-debian-clang, r-devel-linux-x86_64-debian-gcc, r-patched-linux-x86_64, r-release-linux-x86_64