Last updated on 2025-02-16 09:50:37 CET.
Flavor | Version | Tinstall | Tcheck | Ttotal | Status | Flags |
---|---|---|---|---|---|---|
r-devel-linux-x86_64-debian-clang | 0.1.8 | 5.23 | 100.17 | 105.40 | NOTE | |
r-devel-linux-x86_64-debian-gcc | 0.1.8 | 2.89 | 74.11 | 77.00 | NOTE | |
r-devel-linux-x86_64-fedora-clang | 0.1.8 | 175.24 | OK | |||
r-devel-linux-x86_64-fedora-gcc | 0.1.8 | 175.96 | OK | |||
r-devel-macos-arm64 | 0.1.8 | 61.00 | OK | |||
r-devel-macos-x86_64 | 0.1.8 | 119.00 | OK | |||
r-devel-windows-x86_64 | 0.1.8 | 7.00 | 115.00 | 122.00 | NOTE | |
r-patched-linux-x86_64 | 0.1.8 | 5.91 | 95.27 | 101.18 | OK | |
r-release-linux-x86_64 | 0.1.8 | 4.58 | 95.93 | 100.51 | OK | |
r-release-macos-arm64 | 0.1.8 | 74.00 | OK | |||
r-release-macos-x86_64 | 0.1.8 | 90.00 | OK | |||
r-release-windows-x86_64 | 0.1.8 | 7.00 | 117.00 | 124.00 | OK | |
r-oldrel-macos-arm64 | 0.1.8 | 64.00 | OK | |||
r-oldrel-macos-x86_64 | 0.1.8 | 158.00 | OK | |||
r-oldrel-windows-x86_64 | 0.1.8 | 10.00 | 140.00 | 150.00 | OK |
Version: 0.1.8
Check: Rd cross-references
Result: NOTE
Found the following Rd file(s) with Rd \link{} targets missing package
anchors:
mock-db-methods.Rd: dbConnect, dbListFields, dbWriteTable,
dbRemoveTable, dbGetInfo, dbQuoteIdentifier
mockdb.Rd: dbConnect
Please provide package anchors for all Rd \link{} targets not in the
package itself and the base packages.
Flavors: r-devel-linux-x86_64-debian-clang, r-devel-linux-x86_64-debian-gcc, r-devel-windows-x86_64