Last updated on 2025-07-12 09:49:16 CEST.
Flavor | Version | Tinstall | Tcheck | Ttotal | Status | Flags |
---|---|---|---|---|---|---|
r-devel-linux-x86_64-debian-clang | 0.5.0 | 7.34 | 76.90 | 84.24 | NOTE | |
r-devel-linux-x86_64-debian-gcc | 0.5.0 | 5.65 | 50.41 | 56.06 | WARN | |
r-devel-linux-x86_64-fedora-clang | 0.5.0 | 135.74 | NOTE | |||
r-devel-linux-x86_64-fedora-gcc | 0.5.0 | 126.00 | NOTE | |||
r-devel-windows-x86_64 | 0.5.0 | 10.00 | 94.00 | 104.00 | NOTE | |
r-patched-linux-x86_64 | 0.5.0 | 9.36 | 69.93 | 79.29 | NOTE | |
r-release-linux-x86_64 | 0.5.0 | 6.71 | 68.25 | 74.96 | NOTE | |
r-release-macos-arm64 | 0.5.0 | 38.00 | NOTE | |||
r-release-macos-x86_64 | 0.5.0 | 75.00 | NOTE | |||
r-release-windows-x86_64 | 0.5.0 | 10.00 | 96.00 | 106.00 | NOTE | |
r-oldrel-macos-arm64 | 0.5.0 | 37.00 | OK | |||
r-oldrel-macos-x86_64 | 0.5.0 | 71.00 | OK | |||
r-oldrel-windows-x86_64 | 0.5.0 | 13.00 | 113.00 | 126.00 | OK |
Version: 0.5.0
Check: DESCRIPTION meta-information
Result: NOTE
Missing dependency on R >= 4.1.0 because package code uses the pipe
|> or function shorthand \(...) syntax added in R 4.1.0.
File(s) using such syntax:
‘mixture.R’
Flavors: r-devel-linux-x86_64-debian-clang, r-devel-linux-x86_64-debian-gcc, r-devel-linux-x86_64-fedora-clang, r-devel-linux-x86_64-fedora-gcc, r-devel-windows-x86_64, r-patched-linux-x86_64, r-release-linux-x86_64, r-release-macos-arm64, r-release-macos-x86_64, r-release-windows-x86_64
Version: 0.5.0
Check: replacement functions
Result: WARN
‘cdf.:.dist_gev’ ‘cdf.:.dist_gpd’ ‘covariance.:.dist_gev’
‘covariance.:.dist_gpd’ ‘generate.:.dist_gev’ ‘generate.:.dist_gpd’
‘log_density.:.dist_gev’ ‘log_density.:.dist_gpd’ ‘cdf.:.dist_gev’
‘cdf.:.dist_gpd’ ‘covariance.:.dist_gev’ ‘covariance.:.dist_gpd’
‘generate.:.dist_gev’ ‘generate.:.dist_gpd’ ‘log_density.:.dist_gev’
‘log_density.:.dist_gpd’
The argument of a replacement function which corresponds to the right
hand side must be named ‘value’.
Flavor: r-devel-linux-x86_64-debian-gcc