Last updated on 2025-02-18 09:50:36 CET.
Flavor | Version | Tinstall | Tcheck | Ttotal | Status | Flags |
---|---|---|---|---|---|---|
r-devel-linux-x86_64-debian-clang | 1.5 | 4.22 | 27.30 | 31.52 | OK | |
r-devel-linux-x86_64-debian-gcc | 1.5 | 3.28 | 20.98 | 24.26 | OK | |
r-devel-linux-x86_64-fedora-clang | 1.5 | 56.14 | NOTE | |||
r-devel-linux-x86_64-fedora-gcc | 1.5 | 48.28 | NOTE | |||
r-devel-macos-arm64 | 1.5 | 20.00 | OK | |||
r-devel-macos-x86_64 | 1.5 | 34.00 | OK | |||
r-devel-windows-x86_64 | 1.5 | 7.00 | 51.00 | 58.00 | OK | |
r-patched-linux-x86_64 | 1.5 | 4.91 | 26.27 | 31.18 | OK | |
r-release-linux-x86_64 | 1.5 | 3.80 | 25.84 | 29.64 | OK | |
r-release-macos-arm64 | 1.5 | 21.00 | OK | |||
r-release-macos-x86_64 | 1.5 | 31.00 | OK | |||
r-release-windows-x86_64 | 1.5 | 7.00 | 52.00 | 59.00 | OK | |
r-oldrel-macos-arm64 | 1.5 | 21.00 | OK | |||
r-oldrel-macos-x86_64 | 1.5 | 29.00 | OK | |||
r-oldrel-windows-x86_64 | 1.5 | 6.00 | 68.00 | 74.00 | OK |
Version: 1.5
Check: compiled code
Result: NOTE
File ‘diffIRT/libs/diffIRT.so’:
Found no calls to: ‘R_registerRoutines’, ‘R_useDynamicSymbols’
It is good practice to register native routines and to disable symbol
search.
See ‘Writing portable packages’ in the ‘Writing R Extensions’ manual.
Flavors: r-devel-linux-x86_64-fedora-clang, r-devel-linux-x86_64-fedora-gcc