CRAN Package Check Results for Package dgumbel

Last updated on 2025-04-15 09:52:19 CEST.

Flavor Version Tinstall Tcheck Ttotal Status Flags
r-devel-linux-x86_64-debian-clang 1.0.1 15.12 22.12 37.24 NOTE
r-devel-linux-x86_64-debian-gcc 1.0.1 11.42 17.92 29.34 NOTE
r-devel-linux-x86_64-fedora-clang 1.0.1 65.33 NOTE
r-devel-linux-x86_64-fedora-gcc 1.0.1 63.06 NOTE
r-devel-windows-x86_64 1.0.1 19.00 59.00 78.00 NOTE
r-patched-linux-x86_64 1.0.1 13.95 21.67 35.62 NOTE
r-release-linux-x86_64 1.0.1 14.36 21.75 36.11 NOTE
r-release-macos-arm64 1.0.1 23.00 NOTE
r-release-macos-x86_64 1.0.1 35.00 NOTE
r-release-windows-x86_64 1.0.1 20.00 63.00 83.00 NOTE
r-oldrel-macos-arm64 1.0.1 22.00 NOTE
r-oldrel-macos-x86_64 1.0.1 32.00 NOTE
r-oldrel-windows-x86_64 1.0.1 23.00 67.00 90.00 NOTE

Check Details

Version: 1.0.1
Check: C++ specification
Result: NOTE Specified C++11: please drop specification unless essential Flavors: r-devel-linux-x86_64-debian-clang, r-devel-linux-x86_64-debian-gcc, r-devel-linux-x86_64-fedora-clang, r-devel-linux-x86_64-fedora-gcc, r-devel-windows-x86_64, r-patched-linux-x86_64, r-release-linux-x86_64, r-release-macos-arm64, r-release-macos-x86_64, r-release-windows-x86_64, r-oldrel-macos-arm64, r-oldrel-macos-x86_64, r-oldrel-windows-x86_64