Last updated on 2025-02-18 09:50:36 CET.
Flavor | Version | Tinstall | Tcheck | Ttotal | Status | Flags |
---|---|---|---|---|---|---|
r-devel-linux-x86_64-debian-clang | 2.0.1 | 17.43 | 32.55 | 49.98 | NOTE | |
r-devel-linux-x86_64-debian-gcc | 2.0.1 | 13.97 | 24.99 | 38.96 | NOTE | |
r-devel-linux-x86_64-fedora-clang | 2.0.1 | 101.05 | NOTE | |||
r-devel-linux-x86_64-fedora-gcc | 2.0.1 | 86.34 | NOTE | |||
r-devel-macos-arm64 | 2.0.1 | 28.00 | NOTE | |||
r-devel-macos-x86_64 | 2.0.1 | 52.00 | NOTE | |||
r-devel-windows-x86_64 | 2.0.1 | 22.00 | 82.00 | 104.00 | NOTE | |
r-patched-linux-x86_64 | 2.0.1 | 18.09 | 31.18 | 49.27 | NOTE | |
r-release-linux-x86_64 | 2.0.1 | 18.08 | 30.78 | 48.86 | NOTE | |
r-release-macos-arm64 | 2.0.1 | 28.00 | NOTE | |||
r-release-macos-x86_64 | 2.0.1 | 39.00 | NOTE | |||
r-release-windows-x86_64 | 2.0.1 | 23.00 | 76.00 | 99.00 | NOTE | |
r-oldrel-macos-arm64 | 2.0.1 | 30.00 | NOTE | |||
r-oldrel-macos-x86_64 | 2.0.1 | 48.00 | NOTE | |||
r-oldrel-windows-x86_64 | 2.0.1 | 28.00 | 81.00 | 109.00 | NOTE |
Version: 2.0.1
Check: C++ specification
Result: NOTE
Specified C++11: please drop specification unless essential
Flavors: r-devel-linux-x86_64-debian-clang, r-devel-linux-x86_64-debian-gcc, r-devel-linux-x86_64-fedora-clang, r-devel-linux-x86_64-fedora-gcc, r-devel-macos-arm64, r-devel-macos-x86_64, r-devel-windows-x86_64, r-patched-linux-x86_64, r-release-linux-x86_64, r-release-macos-arm64, r-release-macos-x86_64, r-release-windows-x86_64, r-oldrel-macos-arm64, r-oldrel-macos-x86_64, r-oldrel-windows-x86_64