Last updated on 2025-02-24 09:50:45 CET.
Flavor | Version | Tinstall | Tcheck | Ttotal | Status | Flags |
---|---|---|---|---|---|---|
r-devel-linux-x86_64-debian-clang | 0.3.3 | 11.32 | 46.12 | 57.44 | OK | |
r-devel-linux-x86_64-debian-gcc | 0.3.3 | 8.35 | 33.56 | 41.91 | OK | |
r-devel-linux-x86_64-fedora-clang | 0.3.3 | 99.60 | WARN | |||
r-devel-linux-x86_64-fedora-gcc | 0.3.3 | 88.76 | OK | |||
r-devel-macos-arm64 | 0.3.3 | 31.00 | OK | |||
r-devel-macos-x86_64 | 0.3.3 | 61.00 | OK | |||
r-devel-windows-x86_64 | 0.3.3 | 19.00 | 67.00 | 86.00 | OK | |
r-patched-linux-x86_64 | 0.3.3 | 10.17 | 42.37 | 52.54 | OK | |
r-release-linux-x86_64 | 0.3.3 | 11.32 | 42.85 | 54.17 | OK | |
r-release-macos-arm64 | 0.3.3 | 32.00 | OK | |||
r-release-macos-x86_64 | 0.3.3 | 41.00 | OK | |||
r-release-windows-x86_64 | 0.3.3 | 19.00 | 68.00 | 87.00 | OK | |
r-oldrel-macos-arm64 | 0.3.3 | 36.00 | OK | |||
r-oldrel-macos-x86_64 | 0.3.3 | 54.00 | OK | |||
r-oldrel-windows-x86_64 | 0.3.3 | 20.00 | 77.00 | 97.00 | OK |
Version: 0.3.3
Check: whether package can be installed
Result: WARN
Found the following significant warnings:
/data/gannet/ripley/R/test-clang/cpp11/include/cpp11/R.hpp:52:31: warning: identifier '_xl' preceded by whitespace in a literal operator declaration is deprecated [-Wdeprecated-literal-operator]
/data/gannet/ripley/R/test-clang/cpp11/include/cpp11/named_arg.hpp:42:29: warning: identifier '_nm' preceded by whitespace in a literal operator declaration is deprecated [-Wdeprecated-literal-operator]
See ‘/data/gannet/ripley/R/packages/tests-clang/densityClust.Rcheck/00install.out’ for details.
* used C++ compiler: ‘clang version 20.1.0-rc2’
Flavor: r-devel-linux-x86_64-fedora-clang