Last updated on 2025-02-16 09:50:37 CET.
Flavor | Version | Tinstall | Tcheck | Ttotal | Status | Flags |
---|---|---|---|---|---|---|
r-devel-linux-x86_64-debian-clang | 2.0.2 | 5.69 | 49.47 | 55.16 | NOTE | |
r-devel-linux-x86_64-debian-gcc | 2.0.2 | 4.02 | 34.18 | 38.20 | NOTE | |
r-devel-linux-x86_64-fedora-clang | 2.0.2 | 95.20 | OK | |||
r-devel-linux-x86_64-fedora-gcc | 2.0.2 | 87.40 | OK | |||
r-devel-macos-arm64 | 2.0.2 | 26.00 | OK | |||
r-devel-macos-x86_64 | 2.0.2 | 74.00 | OK | |||
r-devel-windows-x86_64 | 2.0.2 | 7.00 | 72.00 | 79.00 | NOTE | |
r-patched-linux-x86_64 | 2.0.2 | 7.88 | 49.48 | 57.36 | OK | |
r-release-linux-x86_64 | 2.0.2 | 6.00 | 48.71 | 54.71 | OK | |
r-release-macos-arm64 | 2.0.2 | 26.00 | OK | |||
r-release-macos-x86_64 | 2.0.2 | 44.00 | OK | |||
r-release-windows-x86_64 | 2.0.2 | 6.00 | 74.00 | 80.00 | OK | |
r-oldrel-macos-arm64 | 2.0.2 | 32.00 | OK | |||
r-oldrel-macos-x86_64 | 2.0.2 | 80.00 | OK | |||
r-oldrel-windows-x86_64 | 2.0.2 | 6.00 | 84.00 | 90.00 | OK |
Version: 2.0.2
Check: Rd cross-references
Result: NOTE
Found the following Rd file(s) with Rd \link{} targets missing package
anchors:
dbglm.Rd: daisy
dblm.Rd: daisy
dbplsr.Rd: plsr, daisy
disttoD2.rd: daisy
Please provide package anchors for all Rd \link{} targets not in the
package itself and the base packages.
Flavors: r-devel-linux-x86_64-debian-clang, r-devel-linux-x86_64-debian-gcc, r-devel-windows-x86_64