Last updated on 2025-05-10 09:50:28 CEST.
Flavor | Version | Tinstall | Tcheck | Ttotal | Status | Flags |
---|---|---|---|---|---|---|
r-devel-linux-x86_64-debian-clang | 2.0-1 | 2.41 | 22.15 | 24.56 | NOTE | |
r-devel-linux-x86_64-debian-gcc | 2.0-1 | 1.85 | 18.24 | 20.09 | NOTE | |
r-devel-linux-x86_64-fedora-clang | 2.0-1 | 38.10 | OK | |||
r-devel-linux-x86_64-fedora-gcc | 2.0-1 | 39.38 | OK | |||
r-devel-windows-x86_64 | 2.0-1 | 3.00 | 46.00 | 49.00 | OK | |
r-patched-linux-x86_64 | 2.0-1 | 2.03 | 21.94 | 23.97 | OK | |
r-release-linux-x86_64 | 2.0-1 | 2.24 | 21.58 | 23.82 | OK | |
r-release-macos-arm64 | 2.0-1 | 20.00 | OK | |||
r-release-macos-x86_64 | 2.0-1 | 26.00 | OK | |||
r-release-windows-x86_64 | 2.0-1 | 4.00 | 46.00 | 50.00 | OK | |
r-oldrel-macos-arm64 | 2.0-1 | 17.00 | OK | |||
r-oldrel-macos-x86_64 | 2.0-1 | 27.00 | OK | |||
r-oldrel-windows-x86_64 | 2.0-1 | 3.00 | 49.00 | 52.00 | OK |
Version: 2.0-1
Check: CRAN incoming feasibility
Result: NOTE
Maintainer: ‘Zhibing He <zhibingh@asu.edu>’
No Authors@R field in DESCRIPTION.
Please add one, modifying
Authors@R: person(given = "Zhibing",
family = "He",
role = c("aut", "cre"),
email = "zhibingh@asu.edu")
as necessary.
Flavors: r-devel-linux-x86_64-debian-clang, r-devel-linux-x86_64-debian-gcc