Last updated on 2025-02-19 09:50:45 CET.
Flavor | Version | Tinstall | Tcheck | Ttotal | Status | Flags |
---|---|---|---|---|---|---|
r-devel-linux-x86_64-debian-clang | 1.0.2 | 7.46 | 61.74 | 69.20 | OK | |
r-devel-linux-x86_64-debian-gcc | 1.0.2 | 5.16 | 44.76 | 49.92 | OK | |
r-devel-linux-x86_64-fedora-clang | 1.0.2 | 111.94 | OK | |||
r-devel-linux-x86_64-fedora-gcc | 1.0.2 | 103.82 | OK | |||
r-devel-macos-arm64 | 1.0.2 | 34.00 | OK | |||
r-devel-macos-x86_64 | 1.0.2 | 82.00 | OK | |||
r-devel-windows-x86_64 | 1.0.2 | 7.00 | 74.00 | 81.00 | OK | |
r-patched-linux-x86_64 | 1.0.2 | 5.91 | 58.85 | 64.76 | OK | |
r-release-linux-x86_64 | 1.0.2 | 6.32 | 58.61 | 64.93 | OK | |
r-release-macos-arm64 | 1.0.2 | 34.00 | OK | |||
r-release-macos-x86_64 | 1.0.2 | 62.00 | OK | |||
r-release-windows-x86_64 | 1.0.2 | 7.00 | 3.00 | 10.00 | FAIL | |
r-oldrel-macos-arm64 | 1.0.2 | 36.00 | OK | |||
r-oldrel-macos-x86_64 | 1.0.2 | 58.00 | OK | |||
r-oldrel-windows-x86_64 | 1.0.2 | 10.00 | 87.00 | 97.00 | OK |
Version: 1.0.2
Check: package dependencies
Result: FAIL
Flavor: r-release-windows-x86_64