Last updated on 2025-02-18 09:50:35 CET.
Flavor | Version | Tinstall | Tcheck | Ttotal | Status | Flags |
---|---|---|---|---|---|---|
r-devel-linux-x86_64-debian-clang | 0.3 | 3.56 | 40.72 | 44.28 | NOTE | |
r-devel-linux-x86_64-debian-gcc | 0.3 | 2.70 | 26.61 | 29.31 | NOTE | |
r-devel-linux-x86_64-fedora-clang | 0.3 | 71.89 | OK | |||
r-devel-linux-x86_64-fedora-gcc | 0.3 | 67.47 | OK | |||
r-devel-macos-arm64 | 0.3 | 26.00 | OK | |||
r-devel-macos-x86_64 | 0.3 | 44.00 | OK | |||
r-devel-windows-x86_64 | 0.3 | 8.00 | 62.00 | 70.00 | NOTE | |
r-patched-linux-x86_64 | 0.3 | 3.54 | 37.18 | 40.72 | OK | |
r-release-linux-x86_64 | 0.3 | 3.30 | 37.91 | 41.21 | OK | |
r-release-macos-arm64 | 0.3 | 22.00 | OK | |||
r-release-macos-x86_64 | 0.3 | 36.00 | OK | |||
r-release-windows-x86_64 | 0.3 | 7.00 | 64.00 | 71.00 | OK | |
r-oldrel-macos-arm64 | 0.3 | 22.00 | OK | |||
r-oldrel-macos-x86_64 | 0.3 | 38.00 | OK | |||
r-oldrel-windows-x86_64 | 0.3 | 8.00 | 74.00 | 82.00 | OK |
Version: 0.3
Check: Rd cross-references
Result: NOTE
Found the following Rd file(s) with Rd \link{} targets missing package
anchors:
coxsei-package.Rd: survival
Please provide package anchors for all Rd \link{} targets not in the
package itself and the base packages.
Flavors: r-devel-linux-x86_64-debian-clang, r-devel-linux-x86_64-debian-gcc, r-devel-windows-x86_64