CRAN Package Check Results for Package cookiecutter

Last updated on 2025-02-19 09:50:45 CET.

Flavor Version Tinstall Tcheck Ttotal Status Flags
r-devel-linux-x86_64-debian-clang 0.1.0 1.50 18.24 19.74 OK
r-devel-linux-x86_64-debian-gcc 0.1.0 1.37 14.83 16.20 OK
r-devel-linux-x86_64-fedora-clang 0.1.0 33.46 OK
r-devel-linux-x86_64-fedora-gcc 0.1.0 30.68 OK
r-devel-macos-arm64 0.1.0 16.00 OK
r-devel-macos-x86_64 0.1.0 31.00 OK
r-devel-windows-x86_64 0.1.0 4.00 47.00 51.00 OK
r-patched-linux-x86_64 0.1.0 1.21 17.32 18.53 OK
r-release-linux-x86_64 0.1.0 1.65 17.21 18.86 OK
r-release-macos-arm64 0.1.0 15.00 OK
r-release-macos-x86_64 0.1.0 25.00 OK
r-release-windows-x86_64 0.1.0 4.00 3.00 7.00 FAIL
r-oldrel-macos-arm64 0.1.0 25.00 OK
r-oldrel-macos-x86_64 0.1.0 35.00 OK
r-oldrel-windows-x86_64 0.1.0 4.00 65.00 69.00 OK

Check Details

Version: 0.1.0
Check: package dependencies
Result: FAIL
Flavor: r-release-windows-x86_64