CRAN Package Check Results for Package concorR

Last updated on 2025-02-19 09:50:45 CET.

Flavor Version Tinstall Tcheck Ttotal Status Flags
r-devel-linux-x86_64-debian-clang 0.2.1 2.23 21.25 23.48 OK
r-devel-linux-x86_64-debian-gcc 0.2.1 1.59 17.07 18.66 OK
r-devel-linux-x86_64-fedora-clang 0.2.1 37.31 OK
r-devel-linux-x86_64-fedora-gcc 0.2.1 35.96 OK
r-devel-macos-arm64 0.2.1 17.00 OK
r-devel-macos-x86_64 0.2.1 26.00 OK
r-devel-windows-x86_64 0.2.1 3.00 47.00 50.00 OK
r-patched-linux-x86_64 0.2.1 2.11 20.45 22.56 OK
r-release-linux-x86_64 0.2.1 2.08 19.87 21.95 OK
r-release-macos-arm64 0.2.1 15.00 OK
r-release-macos-x86_64 0.2.1 23.00 OK
r-release-windows-x86_64 0.2.1 4.00 3.00 7.00 FAIL
r-oldrel-macos-arm64 0.2.1 18.00 OK
r-oldrel-macos-x86_64 0.2.1 22.00 OK
r-oldrel-windows-x86_64 0.2.1 4.00 48.00 52.00 OK

Check Details

Version: 0.2.1
Check: package dependencies
Result: FAIL
Flavor: r-release-windows-x86_64