CRAN Package Check Results for Package colorpatch

Last updated on 2025-05-08 09:53:55 CEST.

Flavor Version Tinstall Tcheck Ttotal Status Flags
r-devel-linux-x86_64-debian-clang 0.1.2 5.45 53.46 58.91 NOTE
r-devel-linux-x86_64-debian-gcc 0.1.2 3.53 39.94 43.47 NOTE
r-devel-linux-x86_64-fedora-clang 0.1.2 86.42 NOTE
r-devel-linux-x86_64-fedora-gcc 0.1.2 100.67 NOTE
r-devel-windows-x86_64 0.1.2 6.00 75.00 81.00 NOTE
r-patched-linux-x86_64 0.1.2 4.73 50.65 55.38 NOTE
r-release-linux-x86_64 0.1.2 3.98 51.10 55.08 NOTE
r-release-macos-arm64 0.1.2 43.00 OK
r-release-macos-x86_64 0.1.2 78.00 OK
r-release-windows-x86_64 0.1.2 8.00 71.00 79.00 NOTE
r-oldrel-macos-arm64 0.1.2 34.00 OK
r-oldrel-macos-x86_64 0.1.2 51.00 OK
r-oldrel-windows-x86_64 0.1.2 9.00 85.00 94.00 OK

Check Details

Version: 0.1.2
Check: Rd cross-references
Result: NOTE Found the following Rd file(s) with Rd \link{} targets missing package anchors: InterpolateColorFun.Rd: ggplot2 OrderDataTSP.Rd: TSP Please provide package anchors for all Rd \link{} targets not in the package itself and the base packages. Flavors: r-devel-linux-x86_64-debian-clang, r-devel-linux-x86_64-debian-gcc, r-devel-windows-x86_64, r-patched-linux-x86_64, r-release-linux-x86_64, r-release-windows-x86_64

Version: 0.1.2
Check: dependencies in R code
Result: NOTE Namespaces in Imports field not imported from: ‘grid’ ‘gridExtra’ All declared Imports should be used. Flavors: r-devel-linux-x86_64-fedora-clang, r-devel-linux-x86_64-fedora-gcc