Last updated on 2025-02-19 09:50:45 CET.
Flavor | Version | Tinstall | Tcheck | Ttotal | Status | Flags |
---|---|---|---|---|---|---|
r-devel-linux-x86_64-debian-clang | 0.1.3 | 6.95 | 41.80 | 48.75 | OK | |
r-devel-linux-x86_64-debian-gcc | 0.1.3 | 5.60 | 31.78 | 37.38 | OK | |
r-devel-linux-x86_64-fedora-clang | 0.1.3 | 77.23 | OK | |||
r-devel-linux-x86_64-fedora-gcc | 0.1.3 | 72.57 | OK | |||
r-devel-macos-arm64 | 0.1.3 | 30.00 | OK | |||
r-devel-macos-x86_64 | 0.1.3 | 51.00 | OK | |||
r-devel-windows-x86_64 | 0.1.3 | 8.00 | 62.00 | 70.00 | OK | |
r-patched-linux-x86_64 | 0.1.3 | 6.85 | 39.13 | 45.98 | OK | |
r-release-linux-x86_64 | 0.1.3 | 6.14 | 38.98 | 45.12 | OK | |
r-release-macos-arm64 | 0.1.3 | 28.00 | OK | |||
r-release-macos-x86_64 | 0.1.3 | 40.00 | OK | |||
r-release-windows-x86_64 | 0.1.3 | 10.00 | 3.00 | 13.00 | FAIL | |
r-oldrel-macos-arm64 | 0.1.3 | 29.00 | OK | |||
r-oldrel-macos-x86_64 | 0.1.3 | 43.00 | OK | |||
r-oldrel-windows-x86_64 | 0.1.3 | 11.00 | 73.00 | 84.00 | OK |
Version: 0.1.3
Check: package dependencies
Result: FAIL
Flavor: r-release-windows-x86_64