Last updated on 2025-02-06 09:52:26 CET.
Flavor | Version | Tinstall | Tcheck | Ttotal | Status | Flags |
---|---|---|---|---|---|---|
r-devel-linux-x86_64-debian-clang | 0.9.6 | 6.61 | 116.48 | 123.09 | OK | |
r-devel-linux-x86_64-debian-gcc | 0.9.6 | 3.98 | 84.54 | 88.52 | OK | |
r-devel-linux-x86_64-fedora-clang | 0.9.6 | 216.43 | OK | |||
r-devel-linux-x86_64-fedora-gcc | 0.9.6 | 206.81 | OK | |||
r-devel-windows-x86_64 | 0.9.6 | 9.00 | 142.00 | 151.00 | OK | |
r-patched-linux-x86_64 | 0.9.6 | 7.38 | 109.85 | 117.23 | OK | |
r-release-linux-x86_64 | 0.9.6 | 6.00 | 109.65 | 115.65 | OK | |
r-release-macos-arm64 | 0.9.6 | 95.00 | OK | |||
r-release-macos-x86_64 | 0.9.6 | 219.00 | OK | |||
r-release-windows-x86_64 | 0.9.6 | 9.00 | 138.00 | 147.00 | OK | |
r-oldrel-macos-arm64 | 0.9.6 | 100.00 | OK | |||
r-oldrel-macos-x86_64 | 0.9.6 | 212.00 | OK | |||
r-oldrel-windows-x86_64 | 0.9.6 | 11.00 | 165.00 | 176.00 | ERROR |
Version: 0.9.6
Check: re-building of vignette outputs
Result: ERROR
Error(s) in re-building vignettes:
--- re-building 'codebook.Rmd' using rmarkdown
--- finished re-building 'codebook.Rmd'
--- re-building 'codebook_qualtrics.Rmd' using rmarkdown
--- finished re-building 'codebook_qualtrics.Rmd'
--- re-building 'codebook_sav.Rmd' using rmarkdown
Quitting from lines 39-44 [unnamed-chunk-2] (codebook_sav.Rmd)
Error: processing vignette 'codebook_sav.Rmd' failed with diagnostics:
Failed to parse D:/temp/2025_02_05_01_50_00_8875/Rtmp2P8pB5/file1ac6c13bc7322.sav: Invalid file, or file has unsupported features.
--- failed re-building 'codebook_sav.Rmd'
--- re-building 'codebook_tutorial.Rmd' using rmarkdown
--- finished re-building 'codebook_tutorial.Rmd'
SUMMARY: processing the following file failed:
'codebook_sav.Rmd'
Error: Vignette re-building failed.
Execution halted
Flavor: r-oldrel-windows-x86_64