Last updated on 2025-05-08 09:53:55 CEST.
Flavor | Version | Tinstall | Tcheck | Ttotal | Status | Flags |
---|---|---|---|---|---|---|
r-devel-linux-x86_64-debian-clang | 0.19-4.1 | 5.44 | 35.44 | 40.88 | NOTE | |
r-devel-linux-x86_64-debian-gcc | 0.19-4.1 | 3.47 | 25.77 | 29.24 | NOTE | |
r-devel-linux-x86_64-fedora-clang | 0.19-4.1 | 63.65 | OK | |||
r-devel-linux-x86_64-fedora-gcc | 0.19-4.1 | 61.07 | OK | |||
r-devel-windows-x86_64 | 0.19-4.1 | 6.00 | 58.00 | 64.00 | OK | |
r-patched-linux-x86_64 | 0.19-4.1 | 4.54 | 32.89 | 37.43 | OK | |
r-release-linux-x86_64 | 0.19-4.1 | 4.31 | 33.37 | 37.68 | OK | |
r-release-macos-arm64 | 0.19-4.1 | 24.00 | OK | |||
r-release-macos-x86_64 | 0.19-4.1 | 47.00 | OK | |||
r-release-windows-x86_64 | 0.19-4.1 | 8.00 | 61.00 | 69.00 | OK | |
r-oldrel-macos-arm64 | 0.19-4.1 | 25.00 | OK | |||
r-oldrel-macos-x86_64 | 0.19-4.1 | 31.00 | OK | |||
r-oldrel-windows-x86_64 | 0.19-4.1 | 7.00 | 66.00 | 73.00 | OK |
Version: 0.19-4.1
Check: CRAN incoming feasibility
Result: NOTE
Maintainer: ‘Martyn Plummer <martyn.plummer@gmail.com>’
Package CITATION file contains call(s) to old-style personList() or
as.personList(). Please use c() on person objects instead.
Package CITATION file contains call(s) to old-style citEntry(). Please
use bibentry() instead.
Flavors: r-devel-linux-x86_64-debian-clang, r-devel-linux-x86_64-debian-gcc