Last updated on 2025-04-15 09:52:18 CEST.
Flavor | Version | Tinstall | Tcheck | Ttotal | Status | Flags |
---|---|---|---|---|---|---|
r-devel-linux-x86_64-debian-clang | 0.7.2 | 9.76 | 94.65 | 104.41 | OK | |
r-devel-linux-x86_64-debian-gcc | 0.7.2 | 6.81 | 65.37 | 72.18 | OK | |
r-devel-linux-x86_64-fedora-clang | 0.7.2 | 165.11 | OK | |||
r-devel-linux-x86_64-fedora-gcc | 0.7.2 | 173.84 | OK | |||
r-devel-windows-x86_64 | 0.7.2 | 10.00 | 105.00 | 115.00 | OK | |
r-patched-linux-x86_64 | 0.6-6 | 9.48 | 90.39 | 99.87 | NOTE | |
r-release-linux-x86_64 | 0.7.2 | 8.20 | 91.55 | 99.75 | OK | |
r-release-macos-arm64 | 0.7.2 | 67.00 | OK | |||
r-release-macos-x86_64 | 0.7.2 | 127.00 | OK | |||
r-release-windows-x86_64 | 0.7.2 | 10.00 | 108.00 | 118.00 | OK | |
r-oldrel-macos-arm64 | 0.7.2 | 54.00 | OK | |||
r-oldrel-macos-x86_64 | 0.7.2 | 165.00 | OK | |||
r-oldrel-windows-x86_64 | 0.7.2 | 13.00 | 134.00 | 147.00 | OK |
Version: 0.6-6
Check: Rd cross-references
Result: NOTE
Found the following Rd file(s) with Rd \link{} targets missing package
anchors:
dic.fit.mcmc.Rd: MCMCmetrop1R
Please provide package anchors for all Rd \link{} targets not in the
package itself and the base packages.
Flavor: r-patched-linux-x86_64