Last updated on 2025-02-19 09:50:45 CET.
Flavor | Version | Tinstall | Tcheck | Ttotal | Status | Flags |
---|---|---|---|---|---|---|
r-devel-linux-x86_64-debian-clang | 0.4-4 | 8.21 | 85.82 | 94.03 | OK | |
r-devel-linux-x86_64-debian-gcc | 0.4-4 | 7.32 | 62.20 | 69.52 | OK | |
r-devel-linux-x86_64-fedora-clang | 0.4-4 | 152.95 | OK | |||
r-devel-linux-x86_64-fedora-gcc | 0.4-4 | 162.27 | OK | |||
r-devel-macos-arm64 | 0.4-4 | 56.00 | OK | |||
r-devel-macos-x86_64 | 0.4-4 | 107.00 | OK | |||
r-devel-windows-x86_64 | 0.4-4 | 13.00 | 132.00 | 145.00 | OK | |
r-patched-linux-x86_64 | 0.4-4 | 9.20 | 81.37 | 90.57 | OK | |
r-release-linux-x86_64 | 0.4-4 | 9.07 | 80.99 | 90.06 | OK | |
r-release-macos-arm64 | 0.4-4 | 53.00 | OK | |||
r-release-macos-x86_64 | 0.4-4 | 84.00 | OK | |||
r-release-windows-x86_64 | 0.4-4 | 12.00 | 3.00 | 15.00 | FAIL | |
r-oldrel-macos-arm64 | 0.4-4 | 64.00 | OK | |||
r-oldrel-macos-x86_64 | 0.4-4 | 90.00 | OK | |||
r-oldrel-windows-x86_64 | 0.4-4 | 16.00 | 147.00 | 163.00 | OK |
Version: 0.4-4
Check: package dependencies
Result: FAIL
Flavor: r-release-windows-x86_64