Last updated on 2025-02-16 09:50:36 CET.
Flavor | Version | Tinstall | Tcheck | Ttotal | Status | Flags |
---|---|---|---|---|---|---|
r-devel-linux-x86_64-debian-clang | 0.0.1 | 8.89 | 26.70 | 35.59 | NOTE | |
r-devel-linux-x86_64-debian-gcc | 0.0.1 | 6.92 | 20.01 | 26.93 | NOTE | |
r-devel-linux-x86_64-fedora-clang | 0.0.1 | 56.24 | NOTE | |||
r-devel-linux-x86_64-fedora-gcc | 0.0.1 | 53.18 | NOTE | |||
r-devel-macos-arm64 | 0.0.1 | 21.00 | NOTE | |||
r-devel-macos-x86_64 | 0.0.1 | 44.00 | NOTE | |||
r-devel-windows-x86_64 | 0.0.1 | 15.00 | 51.00 | 66.00 | NOTE | |
r-patched-linux-x86_64 | 0.0.1 | 8.19 | 24.65 | 32.84 | NOTE | |
r-release-linux-x86_64 | 0.0.1 | 8.09 | 24.15 | 32.24 | NOTE | |
r-release-macos-arm64 | 0.0.1 | 27.00 | NOTE | |||
r-release-macos-x86_64 | 0.0.1 | 43.00 | NOTE | |||
r-release-windows-x86_64 | 0.0.1 | 16.00 | 46.00 | 62.00 | NOTE | |
r-oldrel-macos-arm64 | 0.0.1 | 17.00 | OK | |||
r-oldrel-macos-x86_64 | 0.0.1 | 32.00 | OK | |||
r-oldrel-windows-x86_64 | 0.0.1 | 16.00 | 51.00 | 67.00 | OK |
Version: 0.0.1
Check: Rd files
Result: NOTE
checkRd: (-1) cmb.search.Rd:50: Lost braces; missing escapes or markup?
50 | \item{order}{applied conditioning order {length p}}
| ^
Flavors: r-devel-linux-x86_64-debian-clang, r-devel-linux-x86_64-debian-gcc, r-devel-linux-x86_64-fedora-clang, r-devel-linux-x86_64-fedora-gcc, r-devel-macos-arm64, r-devel-macos-x86_64, r-devel-windows-x86_64, r-patched-linux-x86_64, r-release-linux-x86_64, r-release-macos-arm64, r-release-macos-x86_64, r-release-windows-x86_64
Version: 0.0.1
Check: for unstated dependencies in ‘demo’
Result: NOTE
'library' or 'require' calls not declared from:
‘HDclassif’ ‘MixSim’ ‘mclust’
Flavors: r-devel-linux-x86_64-debian-clang, r-devel-linux-x86_64-debian-gcc