Last updated on 2025-02-06 09:52:25 CET.
Flavor | Version | Tinstall | Tcheck | Ttotal | Status | Flags |
---|---|---|---|---|---|---|
r-devel-linux-x86_64-debian-clang | 2.3.4 | 8.43 | 79.77 | 88.20 | NOTE | |
r-devel-linux-x86_64-debian-gcc | 2.3.4 | 6.44 | 58.93 | 65.37 | NOTE | |
r-devel-linux-x86_64-fedora-clang | 2.3.4 | 151.33 | OK | |||
r-devel-linux-x86_64-fedora-gcc | 2.3.4 | 145.91 | OK | |||
r-devel-windows-x86_64 | 2.3.4 | 10.00 | 103.00 | 113.00 | NOTE | --no-vignettes |
r-patched-linux-x86_64 | 2.3.4 | 10.39 | 76.00 | 86.39 | NOTE | |
r-release-linux-x86_64 | 2.3.4 | 8.84 | 74.39 | 83.23 | NOTE | |
r-release-macos-arm64 | 2.3.4 | 50.00 | NOTE | |||
r-release-macos-x86_64 | 2.3.4 | 71.00 | NOTE | |||
r-release-windows-x86_64 | 2.3.4 | 9.00 | 100.00 | 109.00 | NOTE | --no-vignettes |
r-oldrel-macos-arm64 | 2.3.4 | 49.00 | NOTE | |||
r-oldrel-macos-x86_64 | 2.3.4 | 81.00 | NOTE | |||
r-oldrel-windows-x86_64 | 2.3.4 | 12.00 | 108.00 | 120.00 | NOTE | --no-vignettes |
Version: 2.3.4
Check: Rd cross-references
Result: NOTE
Found the following Rd file(s) with Rd \link{} targets missing package
anchors:
clustvarsel.Rd: mclustModelNames, hc
Please provide package anchors for all Rd \link{} targets not in the
package itself and the base packages.
Flavors: r-devel-linux-x86_64-debian-clang, r-devel-linux-x86_64-debian-gcc
Version: 2.3.4
Flags: --no-vignettes
Check: Rd cross-references
Result: NOTE
Found the following Rd file(s) with Rd \link{} targets missing package
anchors:
clustvarsel.Rd: mclustModelNames, hc
Please provide package anchors for all Rd \link{} targets not in the
package itself and the base packages.
Flavor: r-devel-windows-x86_64
Version: 2.3.4
Check: LazyData
Result: NOTE
'LazyData' is specified without a 'data' directory
Flavors: r-patched-linux-x86_64, r-release-linux-x86_64, r-release-macos-arm64, r-release-macos-x86_64, r-oldrel-macos-arm64, r-oldrel-macos-x86_64
Version: 2.3.4
Flags: --no-vignettes
Check: LazyData
Result: NOTE
'LazyData' is specified without a 'data' directory
Flavors: r-release-windows-x86_64, r-oldrel-windows-x86_64