Last updated on 2025-02-19 09:50:44 CET.
Flavor | Version | Tinstall | Tcheck | Ttotal | Status | Flags |
---|---|---|---|---|---|---|
r-devel-linux-x86_64-debian-clang | 2.6.5 | 11.85 | 96.78 | 108.63 | OK | |
r-devel-linux-x86_64-debian-gcc | 2.6.5 | 8.85 | 67.78 | 76.63 | OK | |
r-devel-linux-x86_64-fedora-clang | 2.6.5 | 177.70 | OK | |||
r-devel-linux-x86_64-fedora-gcc | 2.6.5 | 173.87 | OK | |||
r-devel-macos-arm64 | 2.6.5 | 48.00 | OK | |||
r-devel-macos-x86_64 | 2.6.5 | 97.00 | OK | |||
r-devel-windows-x86_64 | 2.6.5 | 13.00 | 103.00 | 116.00 | OK | |
r-patched-linux-x86_64 | 2.6.5 | 12.19 | 88.70 | 100.89 | OK | |
r-release-linux-x86_64 | 2.6.5 | 11.16 | 89.63 | 100.79 | OK | |
r-release-macos-arm64 | 2.6.5 | 49.00 | OK | |||
r-release-macos-x86_64 | 2.6.5 | 70.00 | OK | |||
r-release-windows-x86_64 | 2.6.5 | 13.00 | 3.00 | 16.00 | FAIL | |
r-oldrel-macos-arm64 | 2.6.5 | 53.00 | OK | |||
r-oldrel-macos-x86_64 | 2.6.5 | 82.00 | OK | |||
r-oldrel-windows-x86_64 | 2.6.5 | 20.00 | 121.00 | 141.00 | OK |
Version: 2.6.5
Check: package dependencies
Result: FAIL
Flavor: r-release-windows-x86_64