Last updated on 2025-02-18 09:50:34 CET.
Flavor | Version | Tinstall | Tcheck | Ttotal | Status | Flags |
---|---|---|---|---|---|---|
r-devel-linux-x86_64-debian-clang | 1.2.1 | 6.48 | 51.09 | 57.57 | NOTE | |
r-devel-linux-x86_64-debian-gcc | 1.2.1 | 4.99 | 36.06 | 41.05 | NOTE | |
r-devel-linux-x86_64-fedora-clang | 1.2.1 | 97.41 | NOTE | |||
r-devel-linux-x86_64-fedora-gcc | 1.2.1 | 92.78 | NOTE | |||
r-devel-macos-arm64 | 1.2.1 | 30.00 | NOTE | |||
r-devel-macos-x86_64 | 1.2.1 | 55.00 | NOTE | |||
r-devel-windows-x86_64 | 1.2.1 | 10.00 | 71.00 | 81.00 | NOTE | |
r-patched-linux-x86_64 | 1.2.1 | 6.77 | 47.03 | 53.80 | NOTE | |
r-release-linux-x86_64 | 1.2.1 | 6.95 | 47.00 | 53.95 | NOTE | |
r-release-macos-arm64 | 1.2.1 | 31.00 | NOTE | |||
r-release-macos-x86_64 | 1.2.1 | 42.00 | NOTE | |||
r-release-windows-x86_64 | 1.2.1 | 10.00 | 73.00 | 83.00 | NOTE | |
r-oldrel-macos-arm64 | 1.2.1 | 29.00 | NOTE | |||
r-oldrel-macos-x86_64 | 1.2.1 | 43.00 | NOTE | |||
r-oldrel-windows-x86_64 | 1.2.1 | 12.00 | 98.00 | 110.00 | NOTE |
Version: 1.2.1
Check: Rd files
Result: NOTE
checkRd: (-1) dtmvnom.Rd:30: Escaped LaTeX specials: \&
Flavors: r-devel-linux-x86_64-debian-clang, r-devel-linux-x86_64-debian-gcc, r-devel-linux-x86_64-fedora-clang, r-devel-linux-x86_64-fedora-gcc, r-devel-macos-arm64, r-devel-macos-x86_64, r-devel-windows-x86_64, r-patched-linux-x86_64, r-release-linux-x86_64, r-release-macos-arm64, r-release-macos-x86_64, r-release-windows-x86_64, r-oldrel-macos-arm64, r-oldrel-macos-x86_64, r-oldrel-windows-x86_64