Last updated on 2025-04-15 09:52:17 CEST.
Flavor | Version | Tinstall | Tcheck | Ttotal | Status | Flags |
---|---|---|---|---|---|---|
r-devel-linux-x86_64-debian-clang | 1.0-8 | 21.01 | 179.16 | 200.17 | NOTE | |
r-devel-linux-x86_64-debian-gcc | 1.0-8 | 15.72 | 119.76 | 135.48 | NOTE | |
r-devel-linux-x86_64-fedora-clang | 1.0-8 | 334.00 | NOTE | |||
r-devel-linux-x86_64-fedora-gcc | 1.0-8 | 325.27 | NOTE | |||
r-devel-windows-x86_64 | 1.0-8 | 23.00 | 220.00 | 243.00 | NOTE | |
r-patched-linux-x86_64 | 1.0-8 | 22.42 | 173.41 | 195.83 | NOTE | |
r-release-linux-x86_64 | 1.0-8 | 21.74 | 175.39 | 197.13 | NOTE | |
r-release-macos-arm64 | 1.0-8 | 113.00 | NOTE | |||
r-release-macos-x86_64 | 1.0-8 | 216.00 | NOTE | |||
r-release-windows-x86_64 | 1.0-8 | 25.00 | 213.00 | 238.00 | NOTE | |
r-oldrel-macos-arm64 | 1.0-8 | 86.00 | NOTE | |||
r-oldrel-macos-x86_64 | 1.0-8 | 137.00 | NOTE | |||
r-oldrel-windows-x86_64 | 1.0-8 | 30.00 | 271.00 | 301.00 | NOTE |
Version: 1.0-8
Check: C++ specification
Result: NOTE
Specified C++11: please drop specification unless essential
Flavors: r-devel-linux-x86_64-debian-clang, r-devel-linux-x86_64-debian-gcc, r-devel-linux-x86_64-fedora-clang, r-devel-linux-x86_64-fedora-gcc, r-devel-windows-x86_64, r-patched-linux-x86_64, r-release-linux-x86_64, r-release-macos-arm64, r-release-macos-x86_64, r-release-windows-x86_64, r-oldrel-macos-arm64, r-oldrel-macos-x86_64, r-oldrel-windows-x86_64
Version: 1.0-8
Check: DESCRIPTION meta-information
Result: NOTE
Missing dependency on R >= 4.1.0 because package code uses the pipe
|> or function shorthand \(...) syntax added in R 4.1.0.
File(s) using such syntax:
‘horner.Rd’
Flavors: r-devel-linux-x86_64-debian-clang, r-devel-linux-x86_64-debian-gcc, r-devel-linux-x86_64-fedora-clang, r-devel-linux-x86_64-fedora-gcc, r-devel-windows-x86_64, r-patched-linux-x86_64, r-release-linux-x86_64, r-release-macos-arm64, r-release-macos-x86_64, r-release-windows-x86_64