Last updated on 2025-02-19 09:50:44 CET.
Flavor | Version | Tinstall | Tcheck | Ttotal | Status | Flags |
---|---|---|---|---|---|---|
r-devel-linux-x86_64-debian-clang | 0.1 | 1.65 | 23.61 | 25.26 | OK | |
r-devel-linux-x86_64-debian-gcc | 0.1 | 1.33 | 18.45 | 19.78 | OK | |
r-devel-linux-x86_64-fedora-clang | 0.1 | 40.31 | OK | |||
r-devel-linux-x86_64-fedora-gcc | 0.1 | 38.40 | OK | |||
r-devel-macos-arm64 | 0.1 | 17.00 | OK | |||
r-devel-macos-x86_64 | 0.1 | 35.00 | OK | |||
r-devel-windows-x86_64 | 0.1 | 3.00 | 45.00 | 48.00 | OK | |
r-patched-linux-x86_64 | 0.1 | 1.99 | 22.31 | 24.30 | OK | |
r-release-linux-x86_64 | 0.1 | 1.57 | 22.42 | 23.99 | OK | |
r-release-macos-arm64 | 0.1 | 17.00 | OK | |||
r-release-macos-x86_64 | 0.1 | 24.00 | OK | |||
r-release-windows-x86_64 | 0.1 | 3.00 | 3.00 | 6.00 | FAIL | |
r-oldrel-macos-arm64 | 0.1 | 19.00 | OK | |||
r-oldrel-macos-x86_64 | 0.1 | 23.00 | NOTE | |||
r-oldrel-windows-x86_64 | 0.1 | 4.00 | 46.00 | 50.00 | OK |
Version: 0.1
Check: package dependencies
Result: FAIL
Flavor: r-release-windows-x86_64
Version: 0.1
Check: package dependencies
Result: NOTE
Package suggested but not available for checking: ‘seqHMM’
Flavor: r-oldrel-macos-x86_64