Last updated on 2025-04-15 09:52:17 CEST.
Flavor | Version | Tinstall | Tcheck | Ttotal | Status | Flags |
---|---|---|---|---|---|---|
r-devel-linux-x86_64-debian-clang | 1.0.4 | 3.16 | 31.75 | 34.91 | OK | |
r-devel-linux-x86_64-debian-gcc | 1.0.4 | 2.95 | 24.35 | 27.30 | OK | |
r-devel-linux-x86_64-fedora-clang | 1.0.4 | 56.04 | NOTE | |||
r-devel-linux-x86_64-fedora-gcc | 1.0.4 | 53.02 | NOTE | |||
r-devel-windows-x86_64 | 1.0.4 | 6.00 | 56.00 | 62.00 | OK | |
r-patched-linux-x86_64 | 1.0.4 | 3.85 | 30.71 | 34.56 | OK | |
r-release-linux-x86_64 | 1.0.4 | 3.51 | 30.58 | 34.09 | OK | |
r-release-macos-arm64 | 1.0.4 | 25.00 | OK | |||
r-release-macos-x86_64 | 1.0.4 | 39.00 | OK | |||
r-release-windows-x86_64 | 1.0.4 | 6.00 | 56.00 | 62.00 | OK | |
r-oldrel-macos-arm64 | 1.0.4 | 22.00 | NOTE | |||
r-oldrel-macos-x86_64 | 1.0.4 | 30.00 | NOTE | |||
r-oldrel-windows-x86_64 | 1.0.4 | 7.00 | 60.00 | 67.00 | NOTE |
Version: 1.0.4
Check: dependencies in R code
Result: NOTE
Namespace in Imports field not imported from: ‘R6’
All declared Imports should be used.
Flavors: r-devel-linux-x86_64-fedora-clang, r-devel-linux-x86_64-fedora-gcc
Version: 1.0.4
Check: LazyData
Result: NOTE
'LazyData' is specified without a 'data' directory
Flavors: r-oldrel-macos-arm64, r-oldrel-macos-x86_64, r-oldrel-windows-x86_64