Last updated on 2025-02-16 09:50:35 CET.
Flavor | Version | Tinstall | Tcheck | Ttotal | Status | Flags |
---|---|---|---|---|---|---|
r-devel-linux-x86_64-debian-clang | 0.2.7 | 21.29 | 896.01 | 917.30 | NOTE | |
r-devel-linux-x86_64-debian-gcc | 0.2.7 | 14.56 | 554.98 | 569.54 | NOTE | |
r-devel-linux-x86_64-fedora-clang | 0.2.7 | 1569.83 | NOTE | |||
r-devel-linux-x86_64-fedora-gcc | 0.2.7 | 1405.17 | NOTE | |||
r-devel-macos-arm64 | 0.2.7 | 361.00 | OK | |||
r-devel-macos-x86_64 | 0.2.7 | 762.00 | NOTE | |||
r-devel-windows-x86_64 | 0.2.7 | 21.00 | 509.00 | 530.00 | NOTE | |
r-patched-linux-x86_64 | 0.2.7 | 23.16 | 832.43 | 855.59 | OK | |
r-release-linux-x86_64 | 0.2.7 | 19.44 | 837.82 | 857.26 | OK | |
r-release-macos-arm64 | 0.2.7 | 205.00 | OK | |||
r-release-macos-x86_64 | 0.2.7 | 397.00 | OK | |||
r-release-windows-x86_64 | 0.2.7 | 22.00 | 501.00 | 523.00 | OK | |
r-oldrel-macos-arm64 | 0.2.7 | 291.00 | OK | |||
r-oldrel-macos-x86_64 | 0.2.7 | 433.00 | OK | |||
r-oldrel-windows-x86_64 | 0.2.7 | 30.00 | 681.00 | 711.00 | OK |
Version: 0.2.7
Check: DESCRIPTION meta-information
Result: NOTE
Missing dependency on R >= 4.1.0 because package code uses the pipe
|> or function shorthand \(...) syntax added in R 4.1.0.
File(s) using such syntax:
‘chevron_tlg-S4class.R’
Flavors: r-devel-linux-x86_64-debian-clang, r-devel-linux-x86_64-debian-gcc, r-devel-linux-x86_64-fedora-clang, r-devel-linux-x86_64-fedora-gcc, r-devel-macos-x86_64, r-devel-windows-x86_64