Last updated on 2025-02-19 09:50:44 CET.
Flavor | Version | Tinstall | Tcheck | Ttotal | Status | Flags |
---|---|---|---|---|---|---|
r-devel-linux-x86_64-debian-clang | 3.0.2 | 4.43 | 33.13 | 37.56 | OK | |
r-devel-linux-x86_64-debian-gcc | 3.0.2 | 3.10 | 24.43 | 27.53 | OK | |
r-devel-linux-x86_64-fedora-clang | 3.0.2 | 60.06 | OK | |||
r-devel-linux-x86_64-fedora-gcc | 3.0.2 | 57.11 | OK | |||
r-devel-macos-arm64 | 3.0.2 | 18.00 | OK | |||
r-devel-macos-x86_64 | 3.0.2 | 35.00 | OK | |||
r-devel-windows-x86_64 | 3.0.2 | 5.00 | 52.00 | 57.00 | OK | |
r-patched-linux-x86_64 | 3.0.2 | 3.59 | 31.15 | 34.74 | OK | |
r-release-linux-x86_64 | 3.0.2 | 4.24 | 30.74 | 34.98 | OK | |
r-release-macos-arm64 | 3.0.2 | 27.00 | OK | |||
r-release-macos-x86_64 | 3.0.2 | 39.00 | OK | |||
r-release-windows-x86_64 | 3.0.2 | 5.00 | 3.00 | 8.00 | FAIL | |
r-oldrel-macos-arm64 | 2.7.7 | 22.00 | OK | |||
r-oldrel-macos-x86_64 | 3.0.2 | 41.00 | OK | |||
r-oldrel-windows-x86_64 | 3.0.2 | 7.00 | 54.00 | 61.00 | OK |
Version: 3.0.2
Check: package dependencies
Result: FAIL
Flavor: r-release-windows-x86_64