Last updated on 2025-02-19 09:50:44 CET.
Flavor | Version | Tinstall | Tcheck | Ttotal | Status | Flags |
---|---|---|---|---|---|---|
r-devel-linux-x86_64-debian-clang | 0.5-38 | 5.69 | 81.27 | 86.96 | OK | |
r-devel-linux-x86_64-debian-gcc | 0.5-38 | 3.92 | 55.85 | 59.77 | OK | |
r-devel-linux-x86_64-fedora-clang | 0.5-38 | 139.15 | OK | |||
r-devel-linux-x86_64-fedora-gcc | 0.5-38 | 151.64 | OK | |||
r-devel-macos-arm64 | 0.5-38 | 48.00 | OK | |||
r-devel-macos-x86_64 | 0.5-38 | 140.00 | OK | |||
r-devel-windows-x86_64 | 0.5-38 | 6.00 | 117.00 | 123.00 | OK | |
r-patched-linux-x86_64 | 0.5-38 | 4.57 | 74.57 | 79.14 | OK | |
r-release-linux-x86_64 | 0.5-38 | 4.43 | 75.56 | 79.99 | OK | |
r-release-macos-arm64 | 0.5-38 | 62.00 | OK | |||
r-release-macos-x86_64 | 0.5-38 | 85.00 | OK | |||
r-release-windows-x86_64 | 0.5-38 | 7.00 | 3.00 | 10.00 | FAIL | |
r-oldrel-macos-arm64 | 0.5-38 | 58.00 | OK | |||
r-oldrel-macos-x86_64 | 0.5-38 | 153.00 | OK | |||
r-oldrel-windows-x86_64 | 0.5-38 | 8.00 | 156.00 | 164.00 | OK |
Version: 0.5-38
Check: package dependencies
Result: FAIL
Flavor: r-release-windows-x86_64