Last updated on 2025-02-19 09:50:44 CET.
Flavor | Version | Tinstall | Tcheck | Ttotal | Status | Flags |
---|---|---|---|---|---|---|
r-devel-linux-x86_64-debian-clang | 1.3 | 2.40 | 24.65 | 27.05 | OK | |
r-devel-linux-x86_64-debian-gcc | 1.3 | 1.78 | 19.38 | 21.16 | OK | |
r-devel-linux-x86_64-fedora-clang | 1.3 | 41.92 | OK | |||
r-devel-linux-x86_64-fedora-gcc | 1.3 | 40.34 | OK | |||
r-devel-macos-arm64 | 1.3 | 18.00 | OK | |||
r-devel-macos-x86_64 | 1.3 | 29.00 | OK | |||
r-devel-windows-x86_64 | 1.3 | 4.00 | 46.00 | 50.00 | OK | |
r-patched-linux-x86_64 | 1.3 | 2.42 | 23.49 | 25.91 | OK | |
r-release-linux-x86_64 | 1.3 | 2.20 | 23.13 | 25.33 | OK | |
r-release-macos-arm64 | 1.3 | 18.00 | OK | |||
r-release-macos-x86_64 | 1.3 | 43.00 | OK | |||
r-release-windows-x86_64 | 1.3 | 4.00 | 3.00 | 7.00 | FAIL | |
r-oldrel-macos-arm64 | 1.3 | 23.00 | OK | |||
r-oldrel-macos-x86_64 | 1.3 | 33.00 | OK | |||
r-oldrel-windows-x86_64 | 1.3 | 5.00 | 65.00 | 70.00 | OK |
Version: 1.3
Check: package dependencies
Result: FAIL
Flavor: r-release-windows-x86_64