Last updated on 2025-02-19 09:50:44 CET.
Flavor | Version | Tinstall | Tcheck | Ttotal | Status | Flags |
---|---|---|---|---|---|---|
r-devel-linux-x86_64-debian-clang | 1.2-0 | 11.33 | 52.86 | 64.19 | OK | |
r-devel-linux-x86_64-debian-gcc | 1.2-0 | 7.94 | 38.29 | 46.23 | OK | |
r-devel-linux-x86_64-fedora-clang | 1.2-0 | 95.81 | OK | |||
r-devel-linux-x86_64-fedora-gcc | 1.2-0 | 95.30 | OK | |||
r-devel-macos-arm64 | 1.2-0 | 36.00 | OK | |||
r-devel-macos-x86_64 | 1.2-0 | 57.00 | OK | |||
r-devel-windows-x86_64 | 1.2-0 | 20.00 | 82.00 | 102.00 | OK | |
r-patched-linux-x86_64 | 1.2-0 | 11.11 | 48.25 | 59.36 | OK | |
r-release-linux-x86_64 | 1.2-0 | 10.23 | 48.21 | 58.44 | OK | |
r-release-macos-arm64 | 1.2-0 | 31.00 | OK | |||
r-release-macos-x86_64 | 1.2-0 | 61.00 | OK | |||
r-release-windows-x86_64 | 1.2-0 | 22.00 | 3.00 | 25.00 | FAIL | |
r-oldrel-macos-arm64 | 1.2-0 | 36.00 | OK | |||
r-oldrel-macos-x86_64 | 1.2-0 | 64.00 | OK | |||
r-oldrel-windows-x86_64 | 1.2-0 | 23.00 | 125.00 | 148.00 | OK |
Version: 1.2-0
Check: package dependencies
Result: FAIL
Flavor: r-release-windows-x86_64