Last updated on 2025-07-13 09:49:37 CEST.
Flavor | Version | Tinstall | Tcheck | Ttotal | Status | Flags |
---|---|---|---|---|---|---|
r-devel-linux-x86_64-debian-clang | 0.8.1 | 14.10 | 422.53 | 436.63 | OK | |
r-devel-linux-x86_64-debian-gcc | 0.8.1 | 10.02 | 248.00 | 258.02 | OK | |
r-devel-linux-x86_64-fedora-clang | 0.8.1 | 666.08 | OK | |||
r-devel-linux-x86_64-fedora-gcc | 0.8.1 | 685.36 | OK | |||
r-devel-windows-x86_64 | 0.8.1 | 15.00 | 345.00 | 360.00 | OK | |
r-patched-linux-x86_64 | 0.8.1 | 14.15 | 401.90 | 416.05 | OK | |
r-release-linux-x86_64 | 0.8.1 | 11.74 | 393.21 | 404.95 | OK | |
r-release-macos-arm64 | 0.8.1 | 157.00 | OK | |||
r-release-macos-x86_64 | 0.8.1 | 313.00 | OK | |||
r-release-windows-x86_64 | 0.8.1 | 15.00 | 375.00 | 390.00 | OK | |
r-oldrel-macos-arm64 | 0.8.1 | 213.00 | OK | |||
r-oldrel-macos-x86_64 | 0.8.1 | 336.00 | NOTE | |||
r-oldrel-windows-x86_64 | 0.8.1 | 21.00 | 702.00 | 723.00 | OK |
Version: 0.8.1
Check: installed package size
Result: NOTE
installed size is 5.2Mb
sub-directories of 1Mb or more:
data 4.8Mb
Flavor: r-oldrel-macos-x86_64