Last updated on 2025-05-09 09:51:38 CEST.
Flavor | Version | Tinstall | Tcheck | Ttotal | Status | Flags |
---|---|---|---|---|---|---|
r-devel-linux-x86_64-debian-clang | 1.3.2 | 55.28 | 304.31 | 359.59 | NOTE | |
r-devel-linux-x86_64-debian-gcc | 1.3.2 | 36.21 | 250.99 | 287.20 | NOTE | |
r-devel-linux-x86_64-fedora-clang | 1.3.2 | 608.98 | NOTE | |||
r-devel-linux-x86_64-fedora-gcc | 1.3.2 | 586.68 | NOTE | |||
r-devel-windows-x86_64 | 1.3.2 | 61.00 | 365.00 | 426.00 | NOTE | |
r-patched-linux-x86_64 | 1.3.2 | 52.14 | 282.50 | 334.64 | NOTE | |
r-release-linux-x86_64 | 1.3.2 | 52.09 | 281.33 | 333.42 | NOTE | |
r-release-macos-arm64 | 1.3.2 | 268.00 | NOTE | |||
r-release-macos-x86_64 | 1.3.2 | 426.00 | NOTE | |||
r-release-windows-x86_64 | 1.3.2 | 62.00 | 372.00 | 434.00 | NOTE | |
r-oldrel-macos-arm64 | 1.3.2 | 225.00 | NOTE | |||
r-oldrel-macos-x86_64 | 1.3.2 | 320.00 | NOTE | |||
r-oldrel-windows-x86_64 | 1.3.2 | 70.00 | 433.00 | 503.00 | NOTE |
Version: 1.3.2
Check: CRAN incoming feasibility
Result: NOTE
Maintainer: ‘James Joseph Balamuta <balamut2@illinois.edu>’
Package CITATION file contains call(s) to old-style personList() or
as.personList(). Please use c() on person objects instead.
Package CITATION file contains call(s) to old-style citEntry(). Please
use bibentry() instead.
Flavors: r-devel-linux-x86_64-debian-clang, r-devel-linux-x86_64-debian-gcc
Version: 1.3.2
Check: C++ specification
Result: NOTE
Specified C++11: please drop specification unless essential
Flavors: r-devel-linux-x86_64-debian-clang, r-devel-linux-x86_64-debian-gcc, r-devel-linux-x86_64-fedora-clang, r-devel-linux-x86_64-fedora-gcc, r-devel-windows-x86_64, r-patched-linux-x86_64, r-release-linux-x86_64, r-release-macos-arm64, r-release-macos-x86_64, r-release-windows-x86_64, r-oldrel-macos-arm64, r-oldrel-macos-x86_64, r-oldrel-windows-x86_64