Last updated on 2025-02-16 09:50:35 CET.
Flavor | Version | Tinstall | Tcheck | Ttotal | Status | Flags |
---|---|---|---|---|---|---|
r-devel-linux-x86_64-debian-clang | 0.1.0 | 5.10 | 43.48 | 48.58 | OK | |
r-devel-linux-x86_64-debian-gcc | 0.1.0 | 3.24 | 31.70 | 34.94 | OK | |
r-devel-linux-x86_64-fedora-clang | 0.1.0 | 80.25 | NOTE | |||
r-devel-linux-x86_64-fedora-gcc | 0.1.0 | 87.53 | NOTE | |||
r-devel-macos-arm64 | 0.1.0 | 33.00 | OK | |||
r-devel-macos-x86_64 | 0.1.0 | 90.00 | OK | |||
r-devel-windows-x86_64 | 0.1.0 | 6.00 | 62.00 | 68.00 | OK | |
r-patched-linux-x86_64 | 0.1.0 | 5.16 | 39.54 | 44.70 | OK | |
r-release-linux-x86_64 | 0.1.0 | 4.65 | 39.92 | 44.57 | OK | |
r-release-macos-arm64 | 0.1.0 | 31.00 | OK | |||
r-release-macos-x86_64 | 0.1.0 | 43.00 | OK | |||
r-release-windows-x86_64 | 0.1.0 | 6.00 | 62.00 | 68.00 | OK | |
r-oldrel-macos-arm64 | 0.1.0 | 31.00 | OK | |||
r-oldrel-macos-x86_64 | 0.1.0 | 44.00 | OK | |||
r-oldrel-windows-x86_64 | 0.1.0 | 9.00 | 67.00 | 76.00 | OK |
Version: 0.1.0
Check: dependencies in R code
Result: NOTE
Namespaces in Imports field not imported from:
‘Hmisc’ ‘magrittr’ ‘rmarkdown’
All declared Imports should be used.
Flavors: r-devel-linux-x86_64-fedora-clang, r-devel-linux-x86_64-fedora-gcc