Last updated on 2025-05-08 09:53:54 CEST.
Flavor | Version | Tinstall | Tcheck | Ttotal | Status | Flags |
---|---|---|---|---|---|---|
r-devel-linux-x86_64-debian-clang | 0.3-24 | 10.20 | 124.90 | 135.10 | NOTE | |
r-devel-linux-x86_64-debian-gcc | 0.3-24 | 6.83 | 88.69 | 95.52 | NOTE | |
r-devel-linux-x86_64-fedora-clang | 0.3-24 | 225.50 | OK | |||
r-devel-linux-x86_64-fedora-gcc | 0.3-24 | 222.51 | OK | |||
r-devel-windows-x86_64 | 0.3-24 | 12.00 | 183.00 | 195.00 | OK | |
r-patched-linux-x86_64 | 0.3-24 | 10.91 | 119.06 | 129.97 | OK | |
r-release-linux-x86_64 | 0.3-24 | 10.33 | 120.87 | 131.20 | OK | |
r-release-macos-arm64 | 0.3-24 | 80.00 | OK | |||
r-release-macos-x86_64 | 0.3-24 | 158.00 | OK | |||
r-release-windows-x86_64 | 0.3-24 | 11.00 | 197.00 | 208.00 | OK | |
r-oldrel-macos-arm64 | 0.3-24 | 72.00 | OK | |||
r-oldrel-macos-x86_64 | 0.3-24 | 108.00 | OK | |||
r-oldrel-windows-x86_64 | 0.3-24 | 15.00 | 216.00 | 231.00 | OK |
Version: 0.3-24
Check: CRAN incoming feasibility
Result: NOTE
Maintainer: ‘Zhu Wang <zwang145@uthsc.edu>’
Package CITATION file contains call(s) to old-style personList() or
as.personList(). Please use c() on person objects instead.
Package CITATION file contains call(s) to old-style citEntry(). Please
use bibentry() instead.
Flavors: r-devel-linux-x86_64-debian-clang, r-devel-linux-x86_64-debian-gcc