Last updated on 2025-05-08 09:53:54 CEST.
Flavor | Version | Tinstall | Tcheck | Ttotal | Status | Flags |
---|---|---|---|---|---|---|
r-devel-linux-x86_64-debian-clang | 0.1.2 | 3.51 | 26.17 | 29.68 | NOTE | |
r-devel-linux-x86_64-debian-gcc | 0.1.2 | 2.50 | 20.15 | 22.65 | NOTE | |
r-devel-linux-x86_64-fedora-clang | 0.1.2 | 47.42 | OK | |||
r-devel-linux-x86_64-fedora-gcc | 0.1.2 | 45.77 | OK | |||
r-devel-windows-x86_64 | 0.1.2 | 4.00 | 45.00 | 49.00 | OK | |
r-patched-linux-x86_64 | 0.1.2 | 3.80 | 25.12 | 28.92 | OK | |
r-release-linux-x86_64 | 0.1.2 | 3.90 | 25.05 | 28.95 | OK | |
r-release-macos-arm64 | 0.1.2 | 18.00 | OK | |||
r-release-macos-x86_64 | 0.1.2 | 47.00 | OK | |||
r-release-windows-x86_64 | 0.1.2 | 5.00 | 47.00 | 52.00 | OK | |
r-oldrel-macos-arm64 | 0.1.2 | 22.00 | OK | |||
r-oldrel-macos-x86_64 | 0.1.2 | 38.00 | OK | |||
r-oldrel-windows-x86_64 | 0.1.2 | 4.00 | 57.00 | 61.00 | OK |
Version: 0.1.2
Check: CRAN incoming feasibility
Result: NOTE
Maintainer: ‘Davide Buttarazzi <davidebuttarazzi@outlook.com>’
No Authors@R field in DESCRIPTION.
Please add one, modifying
Authors@R: person(given = "Davide",
family = "Buttarazzi",
role = c("aut", "cre"),
email = "davidebuttarazzi@outlook.com")
as necessary.
Flavors: r-devel-linux-x86_64-debian-clang, r-devel-linux-x86_64-debian-gcc