Last updated on 2025-02-16 09:50:35 CET.
Flavor | Version | Tinstall | Tcheck | Ttotal | Status | Flags |
---|---|---|---|---|---|---|
r-devel-linux-x86_64-debian-clang | 0.3.6 | 5.89 | 58.76 | 64.65 | NOTE | |
r-devel-linux-x86_64-debian-gcc | 0.3.6 | 3.97 | 44.65 | 48.62 | NOTE | |
r-devel-linux-x86_64-fedora-clang | 0.3.6 | 116.90 | OK | |||
r-devel-linux-x86_64-fedora-gcc | 0.3.6 | 114.37 | OK | |||
r-devel-macos-arm64 | 0.3.6 | 50.00 | OK | |||
r-devel-macos-x86_64 | 0.3.6 | 75.00 | OK | |||
r-devel-windows-x86_64 | 0.3.6 | 7.00 | 85.00 | 92.00 | NOTE | |
r-patched-linux-x86_64 | 0.3.6 | 13.08 | 55.65 | 68.73 | OK | |
r-release-linux-x86_64 | 0.3.6 | 6.21 | 56.18 | 62.39 | OK | |
r-release-macos-arm64 | 0.3.6 | 42.00 | OK | |||
r-release-macos-x86_64 | 0.3.6 | 72.00 | OK | |||
r-release-windows-x86_64 | 0.3.6 | 7.00 | 85.00 | 92.00 | OK | |
r-oldrel-macos-arm64 | 0.3.6 | 43.00 | OK | |||
r-oldrel-macos-x86_64 | 0.3.6 | 65.00 | OK | |||
r-oldrel-windows-x86_64 | 0.3.6 | 9.00 | 88.00 | 97.00 | OK |
Version: 0.3.6
Check: Rd cross-references
Result: NOTE
Found the following Rd file(s) with Rd \link{} targets missing package
anchors:
box_dir_diff.Rd: digest
box_upload_new.Rd: httr
boxr_S3_classes.Rd: as_tibble
Please provide package anchors for all Rd \link{} targets not in the
package itself and the base packages.
Flavors: r-devel-linux-x86_64-debian-clang, r-devel-linux-x86_64-debian-gcc, r-devel-windows-x86_64