Last updated on 2025-02-19 09:50:43 CET.
Flavor | Version | Tinstall | Tcheck | Ttotal | Status | Flags |
---|---|---|---|---|---|---|
r-devel-linux-x86_64-debian-clang | 1.0.0 | 138.97 | 33.74 | 172.71 | OK | |
r-devel-linux-x86_64-debian-gcc | 1.0.0 | 111.22 | 55.27 | 166.49 | OK | |
r-devel-linux-x86_64-fedora-clang | 1.0.0 | 321.36 | OK | |||
r-devel-linux-x86_64-fedora-gcc | 1.0.0 | 388.75 | OK | |||
r-devel-macos-arm64 | 1.0.0 | 67.00 | OK | |||
r-devel-macos-x86_64 | 1.0.0 | 99.00 | OK | |||
r-devel-windows-x86_64 | 1.0.0 | 148.00 | 90.00 | 238.00 | OK | |
r-patched-linux-x86_64 | 1.0.0 | 158.04 | 70.26 | 228.30 | OK | |
r-release-linux-x86_64 | 1.0.0 | 157.79 | 70.48 | 228.27 | OK | |
r-release-macos-arm64 | 1.0.0 | 12.00 | ERROR | |||
r-release-macos-x86_64 | 1.0.0 | 97.00 | NOTE | |||
r-release-windows-x86_64 | 1.0.0 | 153.00 | 3.00 | 156.00 | FAIL | |
r-oldrel-macos-arm64 | 1.0.0 | 77.00 | NOTE | |||
r-oldrel-macos-x86_64 | 1.0.0 | 79.00 | NOTE | |||
r-oldrel-windows-x86_64 | 1.0.0 | 194.00 | 108.00 | 302.00 | OK |
Version: 1.0.0
Check: whether package can be installed
Result: ERROR
Installation failed.
Flavor: r-release-macos-arm64
Version: 1.0.0
Check: installed package size
Result: NOTE
installed size is 13.2Mb
sub-directories of 1Mb or more:
libs 12.3Mb
Flavors: r-release-macos-x86_64, r-oldrel-macos-arm64, r-oldrel-macos-x86_64
Version: 1.0.0
Check: package dependencies
Result: FAIL
Flavor: r-release-windows-x86_64