Last updated on 2025-04-15 09:52:16 CEST.
Flavor | Version | Tinstall | Tcheck | Ttotal | Status | Flags |
---|---|---|---|---|---|---|
r-devel-linux-x86_64-debian-clang | 1.0.7 | 31.80 | 21.57 | 53.37 | OK | |
r-devel-linux-x86_64-debian-gcc | 1.0.7 | 27.97 | 17.86 | 45.83 | OK | |
r-devel-linux-x86_64-fedora-clang | 1.0.7 | 103.28 | OK | |||
r-devel-linux-x86_64-fedora-gcc | 1.0.7 | 109.19 | OK | |||
r-devel-windows-x86_64 | 1.0.7 | 36.00 | 59.00 | 95.00 | OK | |
r-patched-linux-x86_64 | 1.0.7 | 37.98 | 21.30 | 59.28 | OK | |
r-release-linux-x86_64 | 1.0.7 | 36.71 | 21.50 | 58.21 | OK | |
r-release-macos-arm64 | 1.0.7 | 36.00 | OK | |||
r-release-macos-x86_64 | 1.0.7 | 54.00 | OK | |||
r-release-windows-x86_64 | 1.0.7 | 37.00 | 65.00 | 102.00 | OK | |
r-oldrel-macos-arm64 | 1.0.7 | 35.00 | NOTE | |||
r-oldrel-macos-x86_64 | 1.0.7 | 40.00 | NOTE | |||
r-oldrel-windows-x86_64 | 1.0.7 | 36.00 | 72.00 | 108.00 | OK |
Version: 1.0.7
Check: installed package size
Result: NOTE
installed size is 6.6Mb
sub-directories of 1Mb or more:
libs 6.5Mb
Flavors: r-oldrel-macos-arm64, r-oldrel-macos-x86_64