Last updated on 2025-02-19 09:50:43 CET.
Flavor | Version | Tinstall | Tcheck | Ttotal | Status | Flags |
---|---|---|---|---|---|---|
r-devel-linux-x86_64-debian-clang | 1.3 | 16.47 | 74.05 | 90.52 | OK | |
r-devel-linux-x86_64-debian-gcc | 1.3 | 11.06 | 54.59 | 65.65 | OK | |
r-devel-linux-x86_64-fedora-clang | 1.3 | 152.25 | OK | |||
r-devel-linux-x86_64-fedora-gcc | 1.3 | 146.65 | OK | |||
r-devel-macos-arm64 | 1.3 | 70.00 | OK | |||
r-devel-macos-x86_64 | 1.3 | 131.00 | OK | |||
r-devel-windows-x86_64 | 1.3 | 14.00 | 78.00 | 92.00 | OK | |
r-patched-linux-x86_64 | 1.3 | 15.23 | 69.14 | 84.37 | OK | |
r-release-linux-x86_64 | 1.3 | 13.83 | 70.32 | 84.15 | OK | |
r-release-macos-arm64 | 1.3 | 59.00 | OK | |||
r-release-macos-x86_64 | 1.3 | 73.00 | OK | |||
r-release-windows-x86_64 | 1.3 | 14.00 | 3.00 | 17.00 | FAIL | |
r-oldrel-macos-arm64 | 1.3 | 61.00 | OK | |||
r-oldrel-macos-x86_64 | 1.3 | 72.00 | OK | |||
r-oldrel-windows-x86_64 | 1.3 | 17.00 | 83.00 | 100.00 | OK |
Version: 1.3
Check: package dependencies
Result: FAIL
Flavor: r-release-windows-x86_64