Last updated on 2025-05-08 09:53:53 CEST.
Flavor | Version | Tinstall | Tcheck | Ttotal | Status | Flags |
---|---|---|---|---|---|---|
r-devel-linux-x86_64-debian-clang | 1.3.1 | 2.15 | 29.40 | 31.55 | NOTE | |
r-devel-linux-x86_64-debian-gcc | 1.3.1 | 1.81 | 23.96 | 25.77 | NOTE | |
r-devel-linux-x86_64-fedora-clang | 1.3.1 | 51.96 | OK | |||
r-devel-linux-x86_64-fedora-gcc | 1.3.1 | 62.71 | OK | |||
r-devel-windows-x86_64 | 1.3.1 | 3.00 | 69.00 | 72.00 | OK | |
r-patched-linux-x86_64 | 1.3.1 | 2.33 | 29.14 | 31.47 | OK | |
r-release-linux-x86_64 | 1.3.1 | 2.13 | 29.23 | 31.36 | OK | |
r-release-macos-arm64 | 1.3.1 | 29.00 | OK | |||
r-release-macos-x86_64 | 1.3.1 | 94.00 | OK | |||
r-release-windows-x86_64 | 1.3.1 | 3.00 | 73.00 | 76.00 | OK | |
r-oldrel-macos-arm64 | 1.3.1 | 31.00 | OK | |||
r-oldrel-macos-x86_64 | 1.3.1 | 64.00 | OK | |||
r-oldrel-windows-x86_64 | 1.3.1 | 3.00 | 70.00 | 73.00 | OK |
Version: 1.3.1
Check: CRAN incoming feasibility
Result: NOTE
Maintainer: ‘Peter Kampstra <beanplot@kampstra.net>’
No Authors@R field in DESCRIPTION.
Please add one, modifying
Authors@R: person(given = "Peter",
family = "Kampstra",
role = c("aut", "cre"),
email = "beanplot@kampstra.net")
as necessary.
Package CITATION file contains call(s) to old-style personList() or
as.personList(). Please use c() on person objects instead.
Package CITATION file contains call(s) to old-style citEntry(). Please
use bibentry() instead.
Flavors: r-devel-linux-x86_64-debian-clang, r-devel-linux-x86_64-debian-gcc