CRAN Package Check Results for Package bcrypt

Last updated on 2025-02-19 09:50:43 CET.

Flavor Version Tinstall Tcheck Ttotal Status Flags
r-devel-linux-x86_64-debian-clang 1.2.0 3.08 20.29 23.37 OK
r-devel-linux-x86_64-debian-gcc 1.2.0 2.39 17.19 19.58 OK
r-devel-linux-x86_64-fedora-clang 1.2.0 36.56 OK
r-devel-linux-x86_64-fedora-gcc 1.2.0 35.12 OK
r-devel-macos-arm64 1.2.0 20.00 OK
r-devel-macos-x86_64 1.2.0 30.00 OK
r-devel-windows-x86_64 1.2.0 6.00 47.00 53.00 OK
r-patched-linux-x86_64 1.2.0 3.04 19.02 22.06 OK
r-release-linux-x86_64 1.2.0 2.33 19.09 21.42 OK
r-release-macos-arm64 1.2.0 19.00 OK
r-release-macos-x86_64 1.2.0 45.00 OK
r-release-windows-x86_64 1.2.0 6.00 3.00 9.00 FAIL
r-oldrel-macos-arm64 1.2.0 22.00 OK
r-oldrel-macos-x86_64 1.2.0 42.00 OK
r-oldrel-windows-x86_64 1.2.0 8.00 45.00 53.00 OK

Check Details

Version: 1.2.0
Check: package dependencies
Result: FAIL
Flavor: r-release-windows-x86_64