CRAN Package Check Results for Package bcmixed

Last updated on 2025-04-15 09:52:15 CEST.

Flavor Version Tinstall Tcheck Ttotal Status Flags
r-devel-linux-x86_64-debian-clang 0.1.5 4.30 59.05 63.35 OK
r-devel-linux-x86_64-debian-gcc 0.1.5 2.92 42.69 45.61 OK
r-devel-linux-x86_64-fedora-clang 0.1.5 96.85 OK
r-devel-linux-x86_64-fedora-gcc 0.1.5 98.41 OK
r-devel-windows-x86_64 0.1.5 5.00 79.00 84.00 OK
r-patched-linux-x86_64 0.1.4 3.13 54.76 57.89 NOTE
r-release-linux-x86_64 0.1.5 3.22 54.31 57.53 OK
r-release-macos-arm64 0.1.5 33.00 OK
r-release-macos-x86_64 0.1.5 60.00 OK
r-release-windows-x86_64 0.1.5 6.00 83.00 89.00 OK
r-oldrel-macos-arm64 0.1.5 40.00 OK
r-oldrel-macos-x86_64 0.1.5 64.00 OK
r-oldrel-windows-x86_64 0.1.5 6.00 92.00 98.00 OK

Check Details

Version: 0.1.4
Check: Rd cross-references
Result: NOTE Found the following Rd file(s) with Rd \link{} targets missing package anchors: bcmarg.Rd: gls summary.bcmmrm.Rd: glsObject Please provide package anchors for all Rd \link{} targets not in the package itself and the base packages. Flavor: r-patched-linux-x86_64