Last updated on 2025-02-16 09:50:34 CET.
Flavor | Version | Tinstall | Tcheck | Ttotal | Status | Flags |
---|---|---|---|---|---|---|
r-devel-linux-x86_64-debian-clang | 0.3.0 | 4.13 | 123.63 | 127.76 | NOTE | |
r-devel-linux-x86_64-debian-gcc | 0.3.0 | 3.03 | 80.36 | 83.39 | NOTE | |
r-devel-linux-x86_64-fedora-clang | 0.3.0 | 219.39 | NOTE | |||
r-devel-linux-x86_64-fedora-gcc | 0.3.0 | 219.40 | NOTE | |||
r-devel-macos-arm64 | 0.3.0 | 76.00 | OK | |||
r-devel-macos-x86_64 | 0.3.0 | 136.00 | OK | |||
r-devel-windows-x86_64 | 0.3.0 | 6.00 | 140.00 | 146.00 | NOTE | |
r-patched-linux-x86_64 | 0.3.0 | 4.38 | 117.22 | 121.60 | OK | |
r-release-linux-x86_64 | 0.3.0 | 3.47 | 117.25 | 120.72 | OK | |
r-release-macos-arm64 | 0.3.0 | 69.00 | OK | |||
r-release-macos-x86_64 | 0.3.0 | 122.00 | OK | |||
r-release-windows-x86_64 | 0.3.0 | 6.00 | 144.00 | 150.00 | OK | |
r-oldrel-macos-arm64 | 0.3.0 | 72.00 | OK | |||
r-oldrel-macos-x86_64 | 0.3.0 | 159.00 | OK | |||
r-oldrel-windows-x86_64 | 0.3.0 | 7.00 | 194.00 | 201.00 | OK |
Version: 0.3.0
Check: DESCRIPTION meta-information
Result: NOTE
Missing dependency on R >= 4.2.0 because package code uses the pipe
placeholder syntax added in R 4.2.0.
File(s) using such syntax:
‘boot_bw.R’ ‘boot_bw_estimate.R’ ‘post_strat_estimation.R’
Flavors: r-devel-linux-x86_64-debian-clang, r-devel-linux-x86_64-debian-gcc, r-devel-linux-x86_64-fedora-clang, r-devel-linux-x86_64-fedora-gcc, r-devel-windows-x86_64