Last updated on 2025-02-16 09:50:34 CET.
Flavor | Version | Tinstall | Tcheck | Ttotal | Status | Flags |
---|---|---|---|---|---|---|
r-devel-linux-x86_64-debian-clang | 0.1.3 | 90.52 | 92.95 | 183.47 | OK | |
r-devel-linux-x86_64-debian-gcc | 0.1.3 | 61.11 | 65.14 | 126.25 | OK | |
r-devel-linux-x86_64-fedora-clang | 0.1.3 | 332.60 | OK | |||
r-devel-linux-x86_64-fedora-gcc | 0.1.3 | 321.05 | OK | |||
r-devel-macos-arm64 | 0.1.3 | 74.00 | OK | |||
r-devel-macos-x86_64 | 0.1.3 | 149.00 | OK | |||
r-devel-windows-x86_64 | 0.1.3 | 92.00 | 113.00 | 205.00 | OK | |
r-patched-linux-x86_64 | 0.1.3 | 86.37 | 83.39 | 169.76 | OK | |
r-release-linux-x86_64 | 0.1.3 | 85.23 | 84.95 | 170.18 | OK | |
r-release-macos-arm64 | 0.1.3 | 76.00 | NOTE | |||
r-release-macos-x86_64 | 0.1.3 | 90.00 | NOTE | |||
r-release-windows-x86_64 | 0.1.3 | 94.00 | 109.00 | 203.00 | OK | |
r-oldrel-macos-arm64 | 0.1.3 | 86.00 | NOTE | |||
r-oldrel-macos-x86_64 | 0.1.3 | 120.00 | NOTE | |||
r-oldrel-windows-x86_64 | 0.1.3 | 116.00 | 161.00 | 277.00 | OK |
Version: 0.1.3
Check: installed package size
Result: NOTE
installed size is 7.1Mb
sub-directories of 1Mb or more:
help 2.2Mb
libs 4.6Mb
Flavors: r-release-macos-arm64, r-release-macos-x86_64, r-oldrel-macos-arm64, r-oldrel-macos-x86_64