Last updated on 2025-02-19 09:50:42 CET.
Flavor | Version | Tinstall | Tcheck | Ttotal | Status | Flags |
---|---|---|---|---|---|---|
r-devel-linux-x86_64-debian-clang | 0.1.0 | 6.06 | 121.24 | 127.30 | OK | |
r-devel-linux-x86_64-debian-gcc | 0.1.0 | 4.46 | 80.32 | 84.78 | OK | |
r-devel-linux-x86_64-fedora-clang | 0.1.0 | 194.97 | NOTE | |||
r-devel-linux-x86_64-fedora-gcc | 0.1.0 | 212.48 | NOTE | |||
r-devel-macos-arm64 | 0.1.0 | 61.00 | OK | |||
r-devel-macos-x86_64 | 0.1.0 | 120.00 | OK | |||
r-devel-windows-x86_64 | 0.1.0 | 7.00 | 111.00 | 118.00 | OK | |
r-patched-linux-x86_64 | 0.1.0 | 5.19 | 114.77 | 119.96 | OK | |
r-release-linux-x86_64 | 0.1.0 | 5.87 | 112.87 | 118.74 | OK | |
r-release-macos-arm64 | 0.1.0 | 59.00 | OK | |||
r-release-macos-x86_64 | 0.1.0 | 86.00 | OK | |||
r-release-windows-x86_64 | 0.1.0 | 7.00 | 113.00 | 120.00 | OK | |
r-oldrel-macos-arm64 | 0.1.0 | 61.00 | OK | |||
r-oldrel-macos-x86_64 | 0.1.0 | 105.00 | OK | |||
r-oldrel-windows-x86_64 | 0.1.0 | 10.00 | 168.00 | 178.00 | OK |
Version: 0.1.0
Check: dependencies in R code
Result: NOTE
Namespace in Imports field not imported from: ‘vtable’
All declared Imports should be used.
Flavors: r-devel-linux-x86_64-fedora-clang, r-devel-linux-x86_64-fedora-gcc