Last updated on 2025-02-16 09:50:34 CET.
Flavor | Version | Tinstall | Tcheck | Ttotal | Status | Flags |
---|---|---|---|---|---|---|
r-devel-linux-x86_64-debian-clang | 0.0.9 | 4.97 | 20.56 | 25.53 | OK | |
r-devel-linux-x86_64-debian-gcc | 0.0.9 | 4.09 | 18.10 | 22.19 | OK | |
r-devel-linux-x86_64-fedora-clang | 0.0.9 | 41.37 | OK | |||
r-devel-linux-x86_64-fedora-gcc | 0.0.9 | 39.78 | OK | |||
r-devel-macos-arm64 | 0.0.9 | 21.00 | OK | |||
r-devel-macos-x86_64 | 0.0.9 | 33.00 | OK | |||
r-devel-windows-x86_64 | 0.0.9 | 7.00 | 43.00 | 50.00 | OK | |
r-patched-linux-x86_64 | 0.0.9 | 4.47 | 20.17 | 24.64 | OK | |
r-release-linux-x86_64 | 0.0.9 | 4.37 | 20.21 | 24.58 | OK | |
r-release-macos-arm64 | 0.0.9 | 25.00 | OK | |||
r-release-macos-x86_64 | 0.0.9 | 32.00 | OK | |||
r-release-windows-x86_64 | 0.0.9 | 8.00 | 43.00 | 51.00 | OK | |
r-oldrel-macos-arm64 | 0.0.9 | 21.00 | NOTE | |||
r-oldrel-macos-x86_64 | 0.0.9 | 29.00 | OK | |||
r-oldrel-windows-x86_64 | 0.0.9 | 9.00 | 45.00 | 54.00 | OK |
Version: 0.0.9
Check: installed package size
Result: NOTE
installed size is 5.4Mb
sub-directories of 1Mb or more:
data 5.3Mb
Flavor: r-oldrel-macos-arm64